{"id":107268,"date":"2023-01-22T22:59:58","date_gmt":"2023-01-22T21:59:58","guid":{"rendered":"https:\/\/www.peakdesign.cz\/?page_id=107268"},"modified":"2024-03-04T15:06:30","modified_gmt":"2024-03-04T14:06:30","slug":"bike","status":"publish","type":"page","link":"https:\/\/www.onefive.cz\/peakdesign\/bike\/","title":{"rendered":"Bike"},"content":{"rendered":"","protected":false},"excerpt":{"rendered":"","protected":false},"author":1,"featured_media":98566,"parent":0,"menu_order":0,"comment_status":"open","ping_status":"open","template":"","meta":{"footnotes":""},"class_list":["post-107268","page","type-page","status-publish","has-post-thumbnail","hentry"],"yoast_head":"<!-- This site is optimized with the Yoast SEO plugin v27.4 - https:\/\/yoast.com\/product\/yoast-seo-wordpress\/ -->\n<title>Peak Design Bike Mounts: \u0161pi\u010dkov\u00e9 dr\u017e\u00e1ky telefonu na kole.<\/title>\n<meta name=\"description\" content=\"Peak Design Bike Mounts disponuj\u00ed mechanick\u00fdm z\u00e1mkem SlimLink. Unese v\u00edce ne\u017e 45 kg. Snadn\u00e1 ovladatelnost i v rukavic\u00edch.\" \/>\n<meta name=\"robots\" content=\"index, follow, max-snippet:-1, max-image-preview:large, max-video-preview:-1\" \/>\n<link rel=\"canonical\" href=\"https:\/\/www.onefive.cz\/peakdesign\/bike\/\" \/>\n<meta property=\"og:locale\" content=\"cs_CZ\" \/>\n<meta property=\"og:type\" content=\"article\" \/>\n<meta property=\"og:title\" content=\"Mobile by Peak Design\" \/>\n<meta property=\"og:description\" content=\"Instatn\u00ed mechanick\u00e9 upevn\u011bn\u00ed i se zav\u0159en\u00fdma o\u010dima. Unese v\u00edce ne\u017e 45 kg. Neuv\u011b\u0159iteln\u011b snadn\u00e9 sejmut\u00ed jednou rukou. Tot\u00e1ln\u00ed jistota pro tvou bezstarostou j\u00edzdu.\" \/>\n<meta property=\"og:url\" content=\"https:\/\/www.onefive.cz\/peakdesign\/bike\/\" \/>\n<meta property=\"og:site_name\" content=\"OneFive.cz - Prodejce Peak Design\" \/>\n<meta property=\"article:modified_time\" content=\"2024-03-04T14:06:30+00:00\" \/>\n<meta property=\"og:image\" content=\"https:\/\/www.onefive.cz\/peakdesign\/wp-content\/uploads\/2020\/10\/mobile-head.jpg\" \/>\n\t<meta property=\"og:image:width\" content=\"1024\" \/>\n\t<meta property=\"og:image:height\" content=\"576\" \/>\n\t<meta property=\"og:image:type\" content=\"image\/jpeg\" \/>\n<meta name=\"twitter:card\" content=\"summary_large_image\" \/>\n<meta name=\"twitter:label1\" content=\"Odhadovan\u00e1 doba \u010dten\u00ed\" \/>\n\t<meta name=\"twitter:data1\" content=\"10 minut\" \/>\n<script type=\"application\/ld+json\" class=\"yoast-schema-graph\">{\"@context\":\"https:\\\/\\\/schema.org\",\"@graph\":[{\"@type\":\"WebPage\",\"@id\":\"https:\\\/\\\/www.onefive.cz\\\/peakdesign\\\/bike\\\/\",\"url\":\"https:\\\/\\\/www.onefive.cz\\\/peakdesign\\\/bike\\\/\",\"name\":\"Peak Design Bike Mounts: \u0161pi\u010dkov\u00e9 dr\u017e\u00e1ky telefonu na kole.\",\"isPartOf\":{\"@id\":\"https:\\\/\\\/www.onefive.cz\\\/peakdesign\\\/#website\"},\"primaryImageOfPage\":{\"@id\":\"https:\\\/\\\/www.onefive.cz\\\/peakdesign\\\/bike\\\/#primaryimage\"},\"image\":{\"@id\":\"https:\\\/\\\/www.onefive.cz\\\/peakdesign\\\/bike\\\/#primaryimage\"},\"thumbnailUrl\":\"https:\\\/\\\/www.onefive.cz\\\/peakdesign\\\/wp-content\\\/uploads\\\/2020\\\/10\\\/mobile-head.jpg\",\"datePublished\":\"2023-01-22T21:59:58+00:00\",\"dateModified\":\"2024-03-04T14:06:30+00:00\",\"description\":\"Peak Design Bike Mounts disponuj\u00ed mechanick\u00fdm z\u00e1mkem SlimLink. Unese v\u00edce ne\u017e 45 kg. Snadn\u00e1 ovladatelnost i v rukavic\u00edch.\",\"breadcrumb\":{\"@id\":\"https:\\\/\\\/www.onefive.cz\\\/peakdesign\\\/bike\\\/#breadcrumb\"},\"inLanguage\":\"cs\",\"potentialAction\":[{\"@type\":\"ReadAction\",\"target\":[\"https:\\\/\\\/www.onefive.cz\\\/peakdesign\\\/bike\\\/\"]}]},{\"@type\":\"ImageObject\",\"inLanguage\":\"cs\",\"@id\":\"https:\\\/\\\/www.onefive.cz\\\/peakdesign\\\/bike\\\/#primaryimage\",\"url\":\"https:\\\/\\\/www.onefive.cz\\\/peakdesign\\\/wp-content\\\/uploads\\\/2020\\\/10\\\/mobile-head.jpg\",\"contentUrl\":\"https:\\\/\\\/www.onefive.cz\\\/peakdesign\\\/wp-content\\\/uploads\\\/2020\\\/10\\\/mobile-head.jpg\",\"width\":1024,\"height\":576},{\"@type\":\"BreadcrumbList\",\"@id\":\"https:\\\/\\\/www.onefive.cz\\\/peakdesign\\\/bike\\\/#breadcrumb\",\"itemListElement\":[{\"@type\":\"ListItem\",\"position\":1,\"name\":\"Dom\u016f\",\"item\":\"https:\\\/\\\/www.onefive.cz\\\/peakdesign\\\/\"},{\"@type\":\"ListItem\",\"position\":2,\"name\":\"Bike\"}]},{\"@type\":\"WebSite\",\"@id\":\"https:\\\/\\\/www.onefive.cz\\\/peakdesign\\\/#website\",\"url\":\"https:\\\/\\\/www.onefive.cz\\\/peakdesign\\\/\",\"name\":\"OneFive.cz - Prodejce Peak Design\",\"description\":\"Kryty a dr\u017e\u00e1ky pro telefony, cestovn\u00ed a everyday batohy a ta\u0161ky, organiz\u00e9ry a fotop\u0159\u00edslu\u0161enstv\u00ed. Ultim\u00e1tn\u00ed v\u00fdbava pro ty, kte\u0159\u00ed vy\u017eaduj\u00ed to nejlep\u0161\u00ed.\",\"potentialAction\":[{\"@type\":\"SearchAction\",\"target\":{\"@type\":\"EntryPoint\",\"urlTemplate\":\"https:\\\/\\\/www.onefive.cz\\\/peakdesign\\\/?s={search_term_string}\"},\"query-input\":{\"@type\":\"PropertyValueSpecification\",\"valueRequired\":true,\"valueName\":\"search_term_string\"}}],\"inLanguage\":\"cs\"}]}<\/script>\n<!-- \/ Yoast SEO plugin. -->","yoast_head_json":{"title":"Peak Design Bike Mounts: \u0161pi\u010dkov\u00e9 dr\u017e\u00e1ky telefonu na kole.","description":"Peak Design Bike Mounts disponuj\u00ed mechanick\u00fdm z\u00e1mkem SlimLink. Unese v\u00edce ne\u017e 45 kg. Snadn\u00e1 ovladatelnost i v rukavic\u00edch.","robots":{"index":"index","follow":"follow","max-snippet":"max-snippet:-1","max-image-preview":"max-image-preview:large","max-video-preview":"max-video-preview:-1"},"canonical":"https:\/\/www.onefive.cz\/peakdesign\/bike\/","og_locale":"cs_CZ","og_type":"article","og_title":"Mobile by Peak Design","og_description":"Instatn\u00ed mechanick\u00e9 upevn\u011bn\u00ed i se zav\u0159en\u00fdma o\u010dima. Unese v\u00edce ne\u017e 45 kg. Neuv\u011b\u0159iteln\u011b snadn\u00e9 sejmut\u00ed jednou rukou. Tot\u00e1ln\u00ed jistota pro tvou bezstarostou j\u00edzdu.","og_url":"https:\/\/www.onefive.cz\/peakdesign\/bike\/","og_site_name":"OneFive.cz - Prodejce Peak Design","article_modified_time":"2024-03-04T14:06:30+00:00","og_image":[{"width":1024,"height":576,"url":"https:\/\/www.onefive.cz\/peakdesign\/wp-content\/uploads\/2020\/10\/mobile-head.jpg","type":"image\/jpeg"}],"twitter_card":"summary_large_image","twitter_misc":{"Odhadovan\u00e1 doba \u010dten\u00ed":"10 minut"},"schema":{"@context":"https:\/\/schema.org","@graph":[{"@type":"WebPage","@id":"https:\/\/www.onefive.cz\/peakdesign\/bike\/","url":"https:\/\/www.onefive.cz\/peakdesign\/bike\/","name":"Peak Design Bike Mounts: \u0161pi\u010dkov\u00e9 dr\u017e\u00e1ky telefonu na kole.","isPartOf":{"@id":"https:\/\/www.onefive.cz\/peakdesign\/#website"},"primaryImageOfPage":{"@id":"https:\/\/www.onefive.cz\/peakdesign\/bike\/#primaryimage"},"image":{"@id":"https:\/\/www.onefive.cz\/peakdesign\/bike\/#primaryimage"},"thumbnailUrl":"https:\/\/www.onefive.cz\/peakdesign\/wp-content\/uploads\/2020\/10\/mobile-head.jpg","datePublished":"2023-01-22T21:59:58+00:00","dateModified":"2024-03-04T14:06:30+00:00","description":"Peak Design Bike Mounts disponuj\u00ed mechanick\u00fdm z\u00e1mkem SlimLink. Unese v\u00edce ne\u017e 45 kg. Snadn\u00e1 ovladatelnost i v rukavic\u00edch.","breadcrumb":{"@id":"https:\/\/www.onefive.cz\/peakdesign\/bike\/#breadcrumb"},"inLanguage":"cs","potentialAction":[{"@type":"ReadAction","target":["https:\/\/www.onefive.cz\/peakdesign\/bike\/"]}]},{"@type":"ImageObject","inLanguage":"cs","@id":"https:\/\/www.onefive.cz\/peakdesign\/bike\/#primaryimage","url":"https:\/\/www.onefive.cz\/peakdesign\/wp-content\/uploads\/2020\/10\/mobile-head.jpg","contentUrl":"https:\/\/www.onefive.cz\/peakdesign\/wp-content\/uploads\/2020\/10\/mobile-head.jpg","width":1024,"height":576},{"@type":"BreadcrumbList","@id":"https:\/\/www.onefive.cz\/peakdesign\/bike\/#breadcrumb","itemListElement":[{"@type":"ListItem","position":1,"name":"Dom\u016f","item":"https:\/\/www.onefive.cz\/peakdesign\/"},{"@type":"ListItem","position":2,"name":"Bike"}]},{"@type":"WebSite","@id":"https:\/\/www.onefive.cz\/peakdesign\/#website","url":"https:\/\/www.onefive.cz\/peakdesign\/","name":"OneFive.cz - Prodejce Peak Design","description":"Kryty a dr\u017e\u00e1ky pro telefony, cestovn\u00ed a everyday batohy a ta\u0161ky, organiz\u00e9ry a fotop\u0159\u00edslu\u0161enstv\u00ed. Ultim\u00e1tn\u00ed v\u00fdbava pro ty, kte\u0159\u00ed vy\u017eaduj\u00ed to nejlep\u0161\u00ed.","potentialAction":[{"@type":"SearchAction","target":{"@type":"EntryPoint","urlTemplate":"https:\/\/www.onefive.cz\/peakdesign\/?s={search_term_string}"},"query-input":{"@type":"PropertyValueSpecification","valueRequired":true,"valueName":"search_term_string"}}],"inLanguage":"cs"}]}},"_links":{"self":[{"href":"https:\/\/www.onefive.cz\/peakdesign\/wp-json\/wp\/v2\/pages\/107268","targetHints":{"allow":["GET"]}}],"collection":[{"href":"https:\/\/www.onefive.cz\/peakdesign\/wp-json\/wp\/v2\/pages"}],"about":[{"href":"https:\/\/www.onefive.cz\/peakdesign\/wp-json\/wp\/v2\/types\/page"}],"author":[{"embeddable":true,"href":"https:\/\/www.onefive.cz\/peakdesign\/wp-json\/wp\/v2\/users\/1"}],"replies":[{"embeddable":true,"href":"https:\/\/www.onefive.cz\/peakdesign\/wp-json\/wp\/v2\/comments?post=107268"}],"version-history":[{"count":2,"href":"https:\/\/www.onefive.cz\/peakdesign\/wp-json\/wp\/v2\/pages\/107268\/revisions"}],"predecessor-version":[{"id":108533,"href":"https:\/\/www.onefive.cz\/peakdesign\/wp-json\/wp\/v2\/pages\/107268\/revisions\/108533"}],"wp:featuredmedia":[{"embeddable":true,"href":"https:\/\/www.onefive.cz\/peakdesign\/wp-json\/wp\/v2\/media\/98566"}],"wp:attachment":[{"href":"https:\/\/www.onefive.cz\/peakdesign\/wp-json\/wp\/v2\/media?parent=107268"}],"curies":[{"name":"wp","href":"https:\/\/api.w.org\/{rel}","templated":true}]}}