{"id":109640,"date":"2023-09-05T20:00:16","date_gmt":"2023-09-05T18:00:16","guid":{"rendered":"https:\/\/peakdesing-new.wordpressak.cz\/?page_id=109640"},"modified":"2023-09-09T09:56:41","modified_gmt":"2023-09-09T07:56:41","slug":"jaky-model-micro-clutch-l-plate-vs-i-plate-je-kompatibilni-s-mym-fotoaparatem","status":"publish","type":"page","link":"https:\/\/www.onefive.cz\/peakdesign\/jaky-model-micro-clutch-l-plate-vs-i-plate-je-kompatibilni-s-mym-fotoaparatem\/","title":{"rendered":"Jak\u00fd model Micro Clutch (L-plate vs. I-plate) je kompatibiln\u00ed s m\u00fdm fotoapar\u00e1tem?"},"content":{"rendered":"<h3 class=\"top_header\">Jak\u00fd model Micro Clutch (L-plate vs. I-plate) je kompatibiln\u00ed s m\u00fdm fotoapar\u00e1tem?<\/h3>\n<p>Nejprve si prohl\u00e9dni podrobn\u00fd diagram kompatibility n\u00ed\u017ee a pod\u00edvej se na toto video: <a href=\"https:\/\/www.youtube.com\/watch?v=U733He1lYww\" target=\"_blank\" rel=\"noopener\">Micro Clutch: V\u0161echno, co byste kdy mohli pot\u0159ebovat v\u011bd\u011bt<\/a>.<\/p>\n<p><img decoding=\"async\" class=\"alignnone \" src=\"https:\/\/www.onefive.cz\/peakdesign\/wp-content\/uploads\/2023\/09\/MC-COMPATIBILITY_714.png\" alt=\"\" width=\"900\" \/><\/p>\n<p>Jak vid\u00edte v\u00fd\u0161e, je st\u00e1le mnoho fotoapar\u00e1t\u016f, kter\u00e9 jsme je\u0161t\u011b nevyzkou\u0161eli. Jakmile jich vyzkou\u0161\u00edme v\u00edce, tabulku budeme aktualizovat. NEBO si vezmi prav\u00edtko a s\u00e1m si kompatibilitu ov\u011b\u0159, tento u\u017eite\u010dn\u00fd trik pom\u016f\u017ee ur\u010dit, kter\u00fd model Micro Clutch nejl\u00e9pe vyhovuje tv\u00e9mu za\u0159\u00edzen\u00ed.<\/p>\n<p><img loading=\"lazy\" decoding=\"async\" class=\"alignnone\" src=\"https:\/\/www.onefive.cz\/peakdesign\/wp-content\/uploads\/2023\/06\/55168f7a3d5e13b851a04ef7a4c51367_original.png\" alt=\"\" width=\"680\" height=\"265\" \/><\/p>\n<p>Pokud si st\u00e1le nejsi jist, pokra\u010duj ve \u010dten\u00ed.<\/p>\n<h4>SPECIFIKACE<\/h4>\n<p><img decoding=\"async\" class=\"alignnone\" src=\"https:\/\/www.onefive.cz\/peakdesign\/wp-content\/uploads\/2023\/09\/d8cb0b31133050fcbc105c159b8d8d7d_original.jpg\" alt=\"\" width=\"680\" \/><\/p>\n<p>Vybrat spr\u00e1vn\u00fd Micro Clutch je ve skute\u010dnosti docela jednoduch\u00e9 - z\u00e1vis\u00ed na typu tv\u00e9ho fotoapar\u00e1tu a tvaru konkr\u00e9tn\u00edho t\u011bla. Existuje n\u011bkolik jednoduch\u00fdch pravidel, kter\u00e1 je t\u0159eba dodr\u017eovat, a n\u011bkolik neobvykl\u00fdch v\u00fdjimek.<\/p>\n<h4>PRAVIDLA<\/h4>\n<p>1. Pokud m\u00e1\u0161 DSLR nebo SLR, zvol si <a href=\"https:\/\/www.onefive.cz\/peakdesign\/produkt\/clutch\/\">Clutch<\/a> (funguje dokonce i s bateriov\u00fdmi dr\u017e\u00e1ky).<br \/>\n2. Pokud m\u00e1\u0161 bezzrcadlov\u00fd fotoapar\u00e1t, zvol si Micro Clutch.<br \/>\n- Pokud tvoj\u00ed bezzrcadlov\u00e9mu fotoapar\u00e1tu vystupuje rukoje\u0165, zvol verzi \"L-plate\" pro Micro Clutch.<br \/>\n- Pokud tvoj\u00ed bezzrcadlov\u00e9mu fotoapar\u00e1tu nevystupuje rukoje\u0165, zvol verzi \"I-plate\" pro Micro Clutch.<\/p>\n<p>Jednoduch\u00e9, \u017ee? Ale jako u ka\u017ed\u00e9ho dobr\u00e9ho pravidla existuje n\u011bkolik v\u00fdjimek, o kter\u00fdch bys m\u011bl v\u011bd\u011bt:<\/p>\n<h4>V\u00ddJIMKA 1: N\u011bkter\u00e9 bezzrcadlov\u00e9 fotoapar\u00e1ty s vystupuj\u00edc\u00edmi rukoje\u0165mi funguj\u00ed ve skute\u010dnosti l\u00e9pe s I-platem.<\/h4>\n<p>Toto je nejb\u011b\u017en\u011bj\u0161\u00ed v\u00fdjimka. Existuj\u00ed bezzrcadlov\u00e9 fotoapar\u00e1ty s vystupuj\u00edc\u00edmi rukoje\u0165mi, kter\u00e9 funguj\u00ed l\u00e9pe s I-platem. Bu\u010f proto, \u017ee rukoje\u0165 nevystupuje dostate\u010dn\u011b, nebo proto, \u017ee je stativ\u00fd z\u00e1vit na tv\u00e9m fotoapar\u00e1tu je p\u0159\u00edli\u0161 vp\u0159edu. V obou p\u0159\u00edpadech by L-plate p\u0159esahoval p\u0159es p\u0159edn\u00ed okraj fotoapar\u00e1tu a byl by nekomfortn\u00ed a nep\u0159\u00edjemn\u00fd. B\u011b\u017en\u00e9 modely fotoapar\u00e1t\u016f, kter\u00e9 spl\u0148uj\u00ed krit\u00e9ria v\u00fdjimky 1, jsou nap\u0159\u00edklad Sony a7c (ale ne ostatn\u00ed modely a7) a \u0159ada Sony a6000 (ale ne a6600, kter\u00fd ve skute\u010dnosti l\u00e9pe funguje s L-platem).<\/p>\n<p>Jak zjistit, zda tv\u016fj fotoapar\u00e1t spad\u00e1 do t\u00e9to kategorie? Vezmi prav\u00edtko (\u010d\u00edm p\u0159esn\u011bj\u0161\u00ed, t\u00edm l\u00e9pe) a zm\u011b\u0159 vzd\u00e1lenost od st\u0159edu stativov\u00e9ho z\u00e1vitu k p\u0159edn\u00edmu okraji rukojeti tv\u00e9ho fotoapar\u00e1tu. Pokud je tato vzd\u00e1lenost v\u011bt\u0161\u00ed ne\u017e 3 cm, zvol L-plate. Jinak zvol I-plate.<\/p>\n<h4>V\u00ddJIMKA 2: N\u011bkter\u00e9 fotoapar\u00e1ty jsou p\u0159\u00edli\u0161 mal\u00e9 pro na\u0161e modely Clutch \/ Micro Clutch.<\/h4>\n<p>Do t\u00e9to kategorie spad\u00e1 v\u011bt\u0161ina kompaktn\u00edch fotoapar\u00e1t\u016f typu \"point-and-shoot\". Pokud se tv\u016fj fotoapar\u00e1t vejde do kapsy, pravd\u011bpodobn\u011b je p\u0159\u00edli\u0161 mal\u00fd pro na\u0161e popruhy. P\u0159\u00edkladem popul\u00e1rn\u00edho modelu fotoapar\u00e1tu, kter\u00fd je o n\u011bco men\u0161\u00ed ne\u017e Micro Clutch, je Sony RX100. Pokud tv\u016fj fotoapar\u00e1t spad\u00e1 do t\u00e9to kategorie, pod\u00edvej se na n\u00e1\u0161 velmi obl\u00edben\u00fd popruh na z\u00e1p\u011bst\u00ed <a href=\"https:\/\/www.onefive.cz\/peakdesign\/produkt\/cuff\/\">Cuff<\/a>.<\/p>\n<h4>V\u00ddJIMKA 3: N\u011bkter\u00e9 fotoapar\u00e1ty jsou kompatibiln\u00ed s Clutch i Micro Clutch.<\/h4>\n<p>N\u011bkter\u00e9 bezzrcadlov\u00e9 fotoapar\u00e1ty maj\u00ed dostate\u010dn\u011b velk\u00e9 t\u011blo a rukoje\u0165, aby fungovaly s Clutch a Micro Clutch. B\u011b\u017en\u00e9 p\u0159\u00edklady jsou bezzrcadlov\u00e9 fotoapar\u00e1ty Leica SL2, Canon \u0159ady R a Nikon \u0159ady Z. Pokud m\u00e1\u0161 jeden z t\u011bchto opravdu velk\u00fdch bezzrcadlov\u00fdch fotoapar\u00e1t\u016f a \u010dasto fot\u00ed\u0161 s t\u011b\u017ek\u00fdmi objektivy, doporu\u010dujeme v\u011bt\u0161\u00ed popruh Clutch. Pokud v\u0161ak up\u0159ednost\u0148uje\u0161 men\u0161\u00ed a elegantn\u011bj\u0161\u00ed rukoje\u0165 (nebo prost\u011b nepou\u017e\u00edv\u00e1\u0161 velk\u00e9 objektivy \u010dasto), zvol Micro Clutch s L-Plate.<\/p>\n<p>...a pokud se chce\u0161 pravidla ignorovat: \"Mohu pou\u017e\u00edt I-Plate na fotoapar\u00e1tu, kter\u00fd by l\u00e9pe vyhovoval L-Plate?\"<\/p>\n<p>Ano, fyzicky m\u016f\u017ee\u0161 p\u0159ipojit I-Plate ke kter\u00e9mukoli fotoapar\u00e1tu, kter\u00fd je kompatibiln\u00ed s L-Plate. Nicm\u00e9n\u011b pro L-Plate jsme m\u011bli velmi dobr\u00fd d\u016fvod. Fotoapar\u00e1t s v\u011bt\u0161\u00ed rukojet\u00ed t\u011b l\u00e1k\u00e1 k tomu, abys svou ruku posunul v\u00edce sm\u011brem k p\u0159edn\u00ed \u010d\u00e1sti fotoapar\u00e1tu a d\u00e1l od st\u0159edu z\u00e1kladov\u00e9 desky. Pokud pou\u017e\u00edv\u00e1\u0161 I-Plate na fotoapar\u00e1tu s v\u00fdraznou rukojet\u00ed, m\u016f\u017ee\u0161 poc\u00edtit v\u011bt\u0161\u00ed tlak na pol\u0161t\u00e1\u0159ek mezi prsty, kdy\u017e se sna\u017e\u00ed\u0161 dos\u00e1hnout pohodln\u00e9 polohy ruky. V L-Plate jsme tento tlak zm\u00edrnili posunut\u00edm polohy oto\u010dn\u00e9 z\u00e1kladov\u00e9 desky dop\u0159edu sm\u011brem k p\u0159edn\u00ed \u010d\u00e1sti fotoapar\u00e1tu. Nav\u00edc m\u00e1 L-Plate del\u0161\u00ed hypalonov\u00fd p\u00e1s a del\u0161\u00ed pol\u0161t\u00e1\u0159ek, aby vyrovnal zv\u00fd\u0161enou vzd\u00e1lenost, kterou popruh<\/p>\n","protected":false},"excerpt":{"rendered":"<p>Jak\u00fd model Micro Clutch (L-plate vs. I-plate) je kompatibiln\u00ed s m\u00fdm fotoapar\u00e1tem? Nejprve si prohl\u00e9dni podrobn\u00fd diagram kompatibility n\u00ed\u017ee a pod\u00edvej se na toto video: Micro Clutch: V\u0161echno, co byste kdy mohli pot\u0159ebovat v\u011bd\u011bt. Jak vid\u00edte v\u00fd\u0161e, je st\u00e1le mnoho fotoapar\u00e1t\u016f, kter\u00e9 jsme je\u0161t\u011b nevyzkou\u0161eli. Jakmile jich vyzkou\u0161\u00edme v\u00edce, tabulku budeme aktualizovat. NEBO si vezmi [&hellip;]<\/p>\n","protected":false},"author":1,"featured_media":0,"parent":0,"menu_order":0,"comment_status":"open","ping_status":"open","template":"","meta":{"footnotes":""},"class_list":["post-109640","page","type-page","status-publish","hentry"],"yoast_head":"<!-- This site is optimized with the Yoast SEO plugin v27.4 - https:\/\/yoast.com\/product\/yoast-seo-wordpress\/ -->\n<title>Jak\u00fd model Micro Clutch (L-plate vs. I-plate) je kompatibiln\u00ed s m\u00fdm fotoapar\u00e1tem? - OneFive.cz - Prodejce Peak Design<\/title>\n<meta name=\"robots\" content=\"index, follow, max-snippet:-1, max-image-preview:large, max-video-preview:-1\" \/>\n<link rel=\"canonical\" href=\"https:\/\/www.onefive.cz\/peakdesign\/jaky-model-micro-clutch-l-plate-vs-i-plate-je-kompatibilni-s-mym-fotoaparatem\/\" \/>\n<meta property=\"og:locale\" content=\"cs_CZ\" \/>\n<meta property=\"og:type\" content=\"article\" \/>\n<meta property=\"og:title\" content=\"Jak\u00fd model Micro Clutch (L-plate vs. I-plate) je kompatibiln\u00ed s m\u00fdm fotoapar\u00e1tem? - OneFive.cz - Prodejce Peak Design\" \/>\n<meta property=\"og:description\" content=\"Jak\u00fd model Micro Clutch (L-plate vs. I-plate) je kompatibiln\u00ed s m\u00fdm fotoapar\u00e1tem? Nejprve si prohl\u00e9dni podrobn\u00fd diagram kompatibility n\u00ed\u017ee a pod\u00edvej se na toto video: Micro Clutch: V\u0161echno, co byste kdy mohli pot\u0159ebovat v\u011bd\u011bt. Jak vid\u00edte v\u00fd\u0161e, je st\u00e1le mnoho fotoapar\u00e1t\u016f, kter\u00e9 jsme je\u0161t\u011b nevyzkou\u0161eli. Jakmile jich vyzkou\u0161\u00edme v\u00edce, tabulku budeme aktualizovat. NEBO si vezmi [&hellip;]\" \/>\n<meta property=\"og:url\" content=\"https:\/\/www.onefive.cz\/peakdesign\/jaky-model-micro-clutch-l-plate-vs-i-plate-je-kompatibilni-s-mym-fotoaparatem\/\" \/>\n<meta property=\"og:site_name\" content=\"OneFive.cz - Prodejce Peak Design\" \/>\n<meta property=\"article:modified_time\" content=\"2023-09-09T07:56:41+00:00\" \/>\n<meta property=\"og:image\" content=\"https:\/\/i0.wp.com\/www.onefive.cz\/peakdesign\/wp-content\/uploads\/2018\/06\/anchor-types-02cz-2-1-scaled.jpg?fit=2560%2C1673&ssl=1\" \/>\n\t<meta property=\"og:image:width\" content=\"2560\" \/>\n\t<meta property=\"og:image:height\" content=\"1673\" \/>\n\t<meta property=\"og:image:type\" content=\"image\/jpeg\" \/>\n<meta name=\"twitter:card\" content=\"summary_large_image\" \/>\n<meta name=\"twitter:label1\" content=\"Odhadovan\u00e1 doba \u010dten\u00ed\" \/>\n\t<meta name=\"twitter:data1\" content=\"4 minuty\" \/>\n<script type=\"application\/ld+json\" class=\"yoast-schema-graph\">{\"@context\":\"https:\\\/\\\/schema.org\",\"@graph\":[{\"@type\":\"WebPage\",\"@id\":\"https:\\\/\\\/www.onefive.cz\\\/peakdesign\\\/jaky-model-micro-clutch-l-plate-vs-i-plate-je-kompatibilni-s-mym-fotoaparatem\\\/\",\"url\":\"https:\\\/\\\/www.onefive.cz\\\/peakdesign\\\/jaky-model-micro-clutch-l-plate-vs-i-plate-je-kompatibilni-s-mym-fotoaparatem\\\/\",\"name\":\"Jak\u00fd model Micro Clutch (L-plate vs. I-plate) je kompatibiln\u00ed s m\u00fdm fotoapar\u00e1tem? - OneFive.cz - Prodejce Peak Design\",\"isPartOf\":{\"@id\":\"https:\\\/\\\/www.onefive.cz\\\/peakdesign\\\/#website\"},\"primaryImageOfPage\":{\"@id\":\"https:\\\/\\\/www.onefive.cz\\\/peakdesign\\\/jaky-model-micro-clutch-l-plate-vs-i-plate-je-kompatibilni-s-mym-fotoaparatem\\\/#primaryimage\"},\"image\":{\"@id\":\"https:\\\/\\\/www.onefive.cz\\\/peakdesign\\\/jaky-model-micro-clutch-l-plate-vs-i-plate-je-kompatibilni-s-mym-fotoaparatem\\\/#primaryimage\"},\"thumbnailUrl\":\"https:\\\/\\\/www.onefive.cz\\\/peakdesign\\\/wp-content\\\/uploads\\\/2023\\\/09\\\/MC-COMPATIBILITY_714.png\",\"datePublished\":\"2023-09-05T18:00:16+00:00\",\"dateModified\":\"2023-09-09T07:56:41+00:00\",\"breadcrumb\":{\"@id\":\"https:\\\/\\\/www.onefive.cz\\\/peakdesign\\\/jaky-model-micro-clutch-l-plate-vs-i-plate-je-kompatibilni-s-mym-fotoaparatem\\\/#breadcrumb\"},\"inLanguage\":\"cs\",\"potentialAction\":[{\"@type\":\"ReadAction\",\"target\":[\"https:\\\/\\\/www.onefive.cz\\\/peakdesign\\\/jaky-model-micro-clutch-l-plate-vs-i-plate-je-kompatibilni-s-mym-fotoaparatem\\\/\"]}]},{\"@type\":\"ImageObject\",\"inLanguage\":\"cs\",\"@id\":\"https:\\\/\\\/www.onefive.cz\\\/peakdesign\\\/jaky-model-micro-clutch-l-plate-vs-i-plate-je-kompatibilni-s-mym-fotoaparatem\\\/#primaryimage\",\"url\":\"https:\\\/\\\/www.onefive.cz\\\/peakdesign\\\/wp-content\\\/uploads\\\/2023\\\/09\\\/MC-COMPATIBILITY_714.png\",\"contentUrl\":\"https:\\\/\\\/www.onefive.cz\\\/peakdesign\\\/wp-content\\\/uploads\\\/2023\\\/09\\\/MC-COMPATIBILITY_714.png\"},{\"@type\":\"BreadcrumbList\",\"@id\":\"https:\\\/\\\/www.onefive.cz\\\/peakdesign\\\/jaky-model-micro-clutch-l-plate-vs-i-plate-je-kompatibilni-s-mym-fotoaparatem\\\/#breadcrumb\",\"itemListElement\":[{\"@type\":\"ListItem\",\"position\":1,\"name\":\"Dom\u016f\",\"item\":\"https:\\\/\\\/www.onefive.cz\\\/peakdesign\\\/\"},{\"@type\":\"ListItem\",\"position\":2,\"name\":\"Jak\u00fd model Micro Clutch (L-plate vs. I-plate) je kompatibiln\u00ed s m\u00fdm fotoapar\u00e1tem?\"}]},{\"@type\":\"WebSite\",\"@id\":\"https:\\\/\\\/www.onefive.cz\\\/peakdesign\\\/#website\",\"url\":\"https:\\\/\\\/www.onefive.cz\\\/peakdesign\\\/\",\"name\":\"OneFive.cz - Prodejce Peak Design\",\"description\":\"Kryty a dr\u017e\u00e1ky pro telefony, cestovn\u00ed a everyday batohy a ta\u0161ky, organiz\u00e9ry a fotop\u0159\u00edslu\u0161enstv\u00ed. Ultim\u00e1tn\u00ed v\u00fdbava pro ty, kte\u0159\u00ed vy\u017eaduj\u00ed to nejlep\u0161\u00ed.\",\"potentialAction\":[{\"@type\":\"SearchAction\",\"target\":{\"@type\":\"EntryPoint\",\"urlTemplate\":\"https:\\\/\\\/www.onefive.cz\\\/peakdesign\\\/?s={search_term_string}\"},\"query-input\":{\"@type\":\"PropertyValueSpecification\",\"valueRequired\":true,\"valueName\":\"search_term_string\"}}],\"inLanguage\":\"cs\"}]}<\/script>\n<!-- \/ Yoast SEO plugin. -->","yoast_head_json":{"title":"Jak\u00fd model Micro Clutch (L-plate vs. I-plate) je kompatibiln\u00ed s m\u00fdm fotoapar\u00e1tem? - OneFive.cz - Prodejce Peak Design","robots":{"index":"index","follow":"follow","max-snippet":"max-snippet:-1","max-image-preview":"max-image-preview:large","max-video-preview":"max-video-preview:-1"},"canonical":"https:\/\/www.onefive.cz\/peakdesign\/jaky-model-micro-clutch-l-plate-vs-i-plate-je-kompatibilni-s-mym-fotoaparatem\/","og_locale":"cs_CZ","og_type":"article","og_title":"Jak\u00fd model Micro Clutch (L-plate vs. I-plate) je kompatibiln\u00ed s m\u00fdm fotoapar\u00e1tem? - OneFive.cz - Prodejce Peak Design","og_description":"Jak\u00fd model Micro Clutch (L-plate vs. I-plate) je kompatibiln\u00ed s m\u00fdm fotoapar\u00e1tem? Nejprve si prohl\u00e9dni podrobn\u00fd diagram kompatibility n\u00ed\u017ee a pod\u00edvej se na toto video: Micro Clutch: V\u0161echno, co byste kdy mohli pot\u0159ebovat v\u011bd\u011bt. Jak vid\u00edte v\u00fd\u0161e, je st\u00e1le mnoho fotoapar\u00e1t\u016f, kter\u00e9 jsme je\u0161t\u011b nevyzkou\u0161eli. Jakmile jich vyzkou\u0161\u00edme v\u00edce, tabulku budeme aktualizovat. NEBO si vezmi [&hellip;]","og_url":"https:\/\/www.onefive.cz\/peakdesign\/jaky-model-micro-clutch-l-plate-vs-i-plate-je-kompatibilni-s-mym-fotoaparatem\/","og_site_name":"OneFive.cz - Prodejce Peak Design","article_modified_time":"2023-09-09T07:56:41+00:00","og_image":[{"width":2560,"height":1673,"url":"https:\/\/i0.wp.com\/www.onefive.cz\/peakdesign\/wp-content\/uploads\/2018\/06\/anchor-types-02cz-2-1-scaled.jpg?fit=2560%2C1673&ssl=1","type":"image\/jpeg"}],"twitter_card":"summary_large_image","twitter_misc":{"Odhadovan\u00e1 doba \u010dten\u00ed":"4 minuty"},"schema":{"@context":"https:\/\/schema.org","@graph":[{"@type":"WebPage","@id":"https:\/\/www.onefive.cz\/peakdesign\/jaky-model-micro-clutch-l-plate-vs-i-plate-je-kompatibilni-s-mym-fotoaparatem\/","url":"https:\/\/www.onefive.cz\/peakdesign\/jaky-model-micro-clutch-l-plate-vs-i-plate-je-kompatibilni-s-mym-fotoaparatem\/","name":"Jak\u00fd model Micro Clutch (L-plate vs. I-plate) je kompatibiln\u00ed s m\u00fdm fotoapar\u00e1tem? - OneFive.cz - Prodejce Peak Design","isPartOf":{"@id":"https:\/\/www.onefive.cz\/peakdesign\/#website"},"primaryImageOfPage":{"@id":"https:\/\/www.onefive.cz\/peakdesign\/jaky-model-micro-clutch-l-plate-vs-i-plate-je-kompatibilni-s-mym-fotoaparatem\/#primaryimage"},"image":{"@id":"https:\/\/www.onefive.cz\/peakdesign\/jaky-model-micro-clutch-l-plate-vs-i-plate-je-kompatibilni-s-mym-fotoaparatem\/#primaryimage"},"thumbnailUrl":"https:\/\/www.onefive.cz\/peakdesign\/wp-content\/uploads\/2023\/09\/MC-COMPATIBILITY_714.png","datePublished":"2023-09-05T18:00:16+00:00","dateModified":"2023-09-09T07:56:41+00:00","breadcrumb":{"@id":"https:\/\/www.onefive.cz\/peakdesign\/jaky-model-micro-clutch-l-plate-vs-i-plate-je-kompatibilni-s-mym-fotoaparatem\/#breadcrumb"},"inLanguage":"cs","potentialAction":[{"@type":"ReadAction","target":["https:\/\/www.onefive.cz\/peakdesign\/jaky-model-micro-clutch-l-plate-vs-i-plate-je-kompatibilni-s-mym-fotoaparatem\/"]}]},{"@type":"ImageObject","inLanguage":"cs","@id":"https:\/\/www.onefive.cz\/peakdesign\/jaky-model-micro-clutch-l-plate-vs-i-plate-je-kompatibilni-s-mym-fotoaparatem\/#primaryimage","url":"https:\/\/www.onefive.cz\/peakdesign\/wp-content\/uploads\/2023\/09\/MC-COMPATIBILITY_714.png","contentUrl":"https:\/\/www.onefive.cz\/peakdesign\/wp-content\/uploads\/2023\/09\/MC-COMPATIBILITY_714.png"},{"@type":"BreadcrumbList","@id":"https:\/\/www.onefive.cz\/peakdesign\/jaky-model-micro-clutch-l-plate-vs-i-plate-je-kompatibilni-s-mym-fotoaparatem\/#breadcrumb","itemListElement":[{"@type":"ListItem","position":1,"name":"Dom\u016f","item":"https:\/\/www.onefive.cz\/peakdesign\/"},{"@type":"ListItem","position":2,"name":"Jak\u00fd model Micro Clutch (L-plate vs. I-plate) je kompatibiln\u00ed s m\u00fdm fotoapar\u00e1tem?"}]},{"@type":"WebSite","@id":"https:\/\/www.onefive.cz\/peakdesign\/#website","url":"https:\/\/www.onefive.cz\/peakdesign\/","name":"OneFive.cz - Prodejce Peak Design","description":"Kryty a dr\u017e\u00e1ky pro telefony, cestovn\u00ed a everyday batohy a ta\u0161ky, organiz\u00e9ry a fotop\u0159\u00edslu\u0161enstv\u00ed. Ultim\u00e1tn\u00ed v\u00fdbava pro ty, kte\u0159\u00ed vy\u017eaduj\u00ed to nejlep\u0161\u00ed.","potentialAction":[{"@type":"SearchAction","target":{"@type":"EntryPoint","urlTemplate":"https:\/\/www.onefive.cz\/peakdesign\/?s={search_term_string}"},"query-input":{"@type":"PropertyValueSpecification","valueRequired":true,"valueName":"search_term_string"}}],"inLanguage":"cs"}]}},"_links":{"self":[{"href":"https:\/\/www.onefive.cz\/peakdesign\/wp-json\/wp\/v2\/pages\/109640","targetHints":{"allow":["GET"]}}],"collection":[{"href":"https:\/\/www.onefive.cz\/peakdesign\/wp-json\/wp\/v2\/pages"}],"about":[{"href":"https:\/\/www.onefive.cz\/peakdesign\/wp-json\/wp\/v2\/types\/page"}],"author":[{"embeddable":true,"href":"https:\/\/www.onefive.cz\/peakdesign\/wp-json\/wp\/v2\/users\/1"}],"replies":[{"embeddable":true,"href":"https:\/\/www.onefive.cz\/peakdesign\/wp-json\/wp\/v2\/comments?post=109640"}],"version-history":[{"count":2,"href":"https:\/\/www.onefive.cz\/peakdesign\/wp-json\/wp\/v2\/pages\/109640\/revisions"}],"predecessor-version":[{"id":109642,"href":"https:\/\/www.onefive.cz\/peakdesign\/wp-json\/wp\/v2\/pages\/109640\/revisions\/109642"}],"wp:attachment":[{"href":"https:\/\/www.onefive.cz\/peakdesign\/wp-json\/wp\/v2\/media?parent=109640"}],"curies":[{"name":"wp","href":"https:\/\/api.w.org\/{rel}","templated":true}]}}