{"id":287,"date":"2013-12-08T18:24:01","date_gmt":"2013-12-08T18:24:01","guid":{"rendered":"http:\/\/onefive.cz\/?page_id=287"},"modified":"2014-01-19T01:14:17","modified_gmt":"2014-01-19T01:14:17","slug":"capture-na-batohu","status":"publish","type":"page","link":"https:\/\/www.onefive.cz\/peakdesign\/tipy-navody\/capture-na-batohu\/","title":{"rendered":"Capture: Na batohu"},"content":{"rendered":"<div class='content-column two_third'><h1>Capture: Na batohu<\/h1>\n<h4>P\u0159ipevn\u011bn\u00ed Capture na ramenn\u00ed popruh batohu<\/h4>\n<p>Capture v\u00e1m umo\u017en\u00ed bezpe\u010dn\u011b p\u0159ipevnit fotoapar\u00e1t k libovoln\u00e9mu popruhu na libovoln\u00e9m batohu. To v\u00e1m otev\u00edr\u00e1 celou \u0159adu mo\u017enost\u00ed, jak vyu\u017e\u00edt v\u00e1\u0161 fotoapar\u00e1t - p\u0159i turistice, sjezdov\u00e9m ly\u017eov\u00e1n\u00ed, b\u011b\u017ekov\u00e1n\u00ed, horolezectv\u00ed, na motorce anebo jen tak p\u0159i toulk\u00e1ch m\u011bstem. Toto kr\u00e1tk\u00e9 video ukazuje jak lze dr\u017e\u00e1k na popruhu batohu pou\u017e\u00edt:<\/p>\n<p>[vimeo width=\"699\" height=\"393\" video_id=\"36938718\"]<\/p>\n<p>&nbsp;<\/p>\n<h5>Um\u00edst\u011bn\u00ed dr\u017e\u00e1ku<\/br><\/br><\/h5>\n<ul style=\"padding-left: 15px\">\n<li>V\u011bt\u0161ina fotograf\u016f nos\u00ed Capture na lev\u00e9m ramenn\u00edm popruhu, t\u011bsn\u011b pod kl\u00ed\u010dn\u00ed kost\u00ed. Tato pozice zaji\u0161\u0165uje vynikaj\u00edc\u00ed stabilitu a z\u00e1rove\u0148 snadnou dostupnost tla\u010d\u00edtka pro rychl\u00e9 uvoln\u011bn\u00ed.<\/li>\n<li>Posunovan\u00edm Capture po popruhu vyzkou\u0161ejte, kter\u00e9 um\u00edst\u011bn\u00ed je pro V\u00e1s nejpohodln\u011bj\u0161\u00ed.<\/li>\n<\/ul>\n<h5><\/br>Zlep\u0161en\u00ed stability fotoapar\u00e1tu<\/br><\/br><\/h5>\n<ul style=\"padding-left: 15px\">\n<li>Ut\u00e1hn\u011bte si popruhy batohu, abyste zamezili pohybu fotoapar\u00e1tu.<\/li>\n<li>Pokud m\u00e1 V\u00e1\u0161 batoh hrudn\u00ed \u010di bedern\u00ed p\u00e1s, zapn\u011bte si jej a dot\u00e1hn\u011bte tak, abyste zv\u00fd\u0161\u00edli svoje pohodl\u00ed a stabilitu p\u0159\u00edstroje.<\/li>\n<li>Pln\u00fd a t\u011b\u017e\u0161\u00ed batoh je\u0161t\u011b d\u00e1le zv\u00fd\u0161\u00ed stabililitu Va\u0161eho fotoapar\u00e1tu, zvl\u00e1\u0161t\u011b pokud m\u00e1te kombinaci t\u011b\u017ek\u00e9ho t\u011bla\/ objektivu.<\/li>\n<li>Pro sport, p\u0159i kter\u00e9m doch\u00e1z\u00ed k v\u011bt\u0161\u00edmu mno\u017estv\u00ed ot\u0159es\u016f (jako nap\u0159. ly\u017eov\u00e1n\u00ed nebo b\u011bh), pevn\u011b st\u00e1hn\u011bte hrudn\u00ed popruh kolem objektivu, abyste zajistili co nejv\u011bt\u0161\u00ed stabilitu.<\/li>\n<\/ul><\/div><br \/>\n<div class='content-column one_third last_column'><h3>Vyberte t\u00e9ma:<\/h3>\n<p><a href=\"https:\/\/www.onefive.cz\/peakdesign\/produkt\/tipy-navody\/capture-navod\/\" title=\"Capture: N\u00e1vod\"><strong>Capture: N\u00e1vod<\/strong><\/a><br \/>\n<strong>Capture: Na batohu<\/strong><br \/>\n<a href=\"https:\/\/www.onefive.cz\/peakdesign\/produkt\/tipy-navody\/capture-na-opasku\/\" title=\"Capture: Na opasku\"><strong>Capture: Na opasku<\/strong><\/a><br \/>\n<a href=\"https:\/\/www.onefive.cz\/peakdesign\/produkt\/tipy-navody\/pro-plate-vyber-desticky\/\" title=\"PRO Plate: V\u00fdb\u011br desti\u010dky\"><strong>PRO Plate: V\u00fdb\u011br desti\u010dky<\/strong><\/a><br \/>\n<a href=\"\"><strong>PRO Plate: N\u00e1vod<\/strong><\/a><\/p><\/div><div class='clear_column'><\/div><\/p>\n","protected":false},"excerpt":{"rendered":"","protected":false},"author":1,"featured_media":0,"parent":227,"menu_order":0,"comment_status":"open","ping_status":"open","template":"","meta":{"footnotes":""},"class_list":["post-287","page","type-page","status-publish","hentry"],"yoast_head":"<!-- This site is optimized with the Yoast SEO plugin v27.4 - https:\/\/yoast.com\/product\/yoast-seo-wordpress\/ -->\n<title>Capture: Na batohu - OneFive.cz - Prodejce Peak Design<\/title>\n<meta name=\"robots\" content=\"index, follow, max-snippet:-1, max-image-preview:large, max-video-preview:-1\" \/>\n<link rel=\"canonical\" href=\"https:\/\/www.onefive.cz\/peakdesign\/tipy-navody\/capture-na-batohu\/\" \/>\n<meta property=\"og:locale\" content=\"cs_CZ\" \/>\n<meta property=\"og:type\" content=\"article\" \/>\n<meta property=\"og:title\" content=\"Capture: Na batohu - OneFive.cz - Prodejce Peak Design\" \/>\n<meta property=\"og:url\" content=\"https:\/\/www.onefive.cz\/peakdesign\/tipy-navody\/capture-na-batohu\/\" \/>\n<meta property=\"og:site_name\" content=\"OneFive.cz - Prodejce Peak Design\" \/>\n<meta property=\"article:modified_time\" content=\"2014-01-19T01:14:17+00:00\" \/>\n<meta name=\"twitter:card\" content=\"summary_large_image\" \/>\n<meta name=\"twitter:label1\" content=\"Odhadovan\u00e1 doba \u010dten\u00ed\" \/>\n\t<meta name=\"twitter:data1\" content=\"1 minuta\" \/>\n<script type=\"application\/ld+json\" class=\"yoast-schema-graph\">{\"@context\":\"https:\\\/\\\/schema.org\",\"@graph\":[{\"@type\":\"WebPage\",\"@id\":\"https:\\\/\\\/www.onefive.cz\\\/peakdesign\\\/tipy-navody\\\/capture-na-batohu\\\/\",\"url\":\"https:\\\/\\\/www.onefive.cz\\\/peakdesign\\\/tipy-navody\\\/capture-na-batohu\\\/\",\"name\":\"Capture: Na batohu - OneFive.cz - Prodejce Peak Design\",\"isPartOf\":{\"@id\":\"https:\\\/\\\/www.onefive.cz\\\/peakdesign\\\/#website\"},\"datePublished\":\"2013-12-08T18:24:01+00:00\",\"dateModified\":\"2014-01-19T01:14:17+00:00\",\"breadcrumb\":{\"@id\":\"https:\\\/\\\/www.onefive.cz\\\/peakdesign\\\/tipy-navody\\\/capture-na-batohu\\\/#breadcrumb\"},\"inLanguage\":\"cs\",\"potentialAction\":[{\"@type\":\"ReadAction\",\"target\":[\"https:\\\/\\\/www.onefive.cz\\\/peakdesign\\\/tipy-navody\\\/capture-na-batohu\\\/\"]}]},{\"@type\":\"BreadcrumbList\",\"@id\":\"https:\\\/\\\/www.onefive.cz\\\/peakdesign\\\/tipy-navody\\\/capture-na-batohu\\\/#breadcrumb\",\"itemListElement\":[{\"@type\":\"ListItem\",\"position\":1,\"name\":\"Dom\u016f\",\"item\":\"https:\\\/\\\/www.onefive.cz\\\/peakdesign\\\/\"},{\"@type\":\"ListItem\",\"position\":2,\"name\":\"Tipy &#038; N\u00e1vody\",\"item\":\"https:\\\/\\\/www.onefive.cz\\\/peakdesign\\\/tipy-navody\\\/\"},{\"@type\":\"ListItem\",\"position\":3,\"name\":\"Capture: Na batohu\"}]},{\"@type\":\"WebSite\",\"@id\":\"https:\\\/\\\/www.onefive.cz\\\/peakdesign\\\/#website\",\"url\":\"https:\\\/\\\/www.onefive.cz\\\/peakdesign\\\/\",\"name\":\"OneFive.cz - Prodejce Peak Design\",\"description\":\"Kryty a dr\u017e\u00e1ky pro telefony, cestovn\u00ed a everyday batohy a ta\u0161ky, organiz\u00e9ry a fotop\u0159\u00edslu\u0161enstv\u00ed. Ultim\u00e1tn\u00ed v\u00fdbava pro ty, kte\u0159\u00ed vy\u017eaduj\u00ed to nejlep\u0161\u00ed.\",\"potentialAction\":[{\"@type\":\"SearchAction\",\"target\":{\"@type\":\"EntryPoint\",\"urlTemplate\":\"https:\\\/\\\/www.onefive.cz\\\/peakdesign\\\/?s={search_term_string}\"},\"query-input\":{\"@type\":\"PropertyValueSpecification\",\"valueRequired\":true,\"valueName\":\"search_term_string\"}}],\"inLanguage\":\"cs\"}]}<\/script>\n<!-- \/ Yoast SEO plugin. -->","yoast_head_json":{"title":"Capture: Na batohu - OneFive.cz - Prodejce Peak Design","robots":{"index":"index","follow":"follow","max-snippet":"max-snippet:-1","max-image-preview":"max-image-preview:large","max-video-preview":"max-video-preview:-1"},"canonical":"https:\/\/www.onefive.cz\/peakdesign\/tipy-navody\/capture-na-batohu\/","og_locale":"cs_CZ","og_type":"article","og_title":"Capture: Na batohu - OneFive.cz - Prodejce Peak Design","og_url":"https:\/\/www.onefive.cz\/peakdesign\/tipy-navody\/capture-na-batohu\/","og_site_name":"OneFive.cz - Prodejce Peak Design","article_modified_time":"2014-01-19T01:14:17+00:00","twitter_card":"summary_large_image","twitter_misc":{"Odhadovan\u00e1 doba \u010dten\u00ed":"1 minuta"},"schema":{"@context":"https:\/\/schema.org","@graph":[{"@type":"WebPage","@id":"https:\/\/www.onefive.cz\/peakdesign\/tipy-navody\/capture-na-batohu\/","url":"https:\/\/www.onefive.cz\/peakdesign\/tipy-navody\/capture-na-batohu\/","name":"Capture: Na batohu - OneFive.cz - Prodejce Peak Design","isPartOf":{"@id":"https:\/\/www.onefive.cz\/peakdesign\/#website"},"datePublished":"2013-12-08T18:24:01+00:00","dateModified":"2014-01-19T01:14:17+00:00","breadcrumb":{"@id":"https:\/\/www.onefive.cz\/peakdesign\/tipy-navody\/capture-na-batohu\/#breadcrumb"},"inLanguage":"cs","potentialAction":[{"@type":"ReadAction","target":["https:\/\/www.onefive.cz\/peakdesign\/tipy-navody\/capture-na-batohu\/"]}]},{"@type":"BreadcrumbList","@id":"https:\/\/www.onefive.cz\/peakdesign\/tipy-navody\/capture-na-batohu\/#breadcrumb","itemListElement":[{"@type":"ListItem","position":1,"name":"Dom\u016f","item":"https:\/\/www.onefive.cz\/peakdesign\/"},{"@type":"ListItem","position":2,"name":"Tipy &#038; N\u00e1vody","item":"https:\/\/www.onefive.cz\/peakdesign\/tipy-navody\/"},{"@type":"ListItem","position":3,"name":"Capture: Na batohu"}]},{"@type":"WebSite","@id":"https:\/\/www.onefive.cz\/peakdesign\/#website","url":"https:\/\/www.onefive.cz\/peakdesign\/","name":"OneFive.cz - Prodejce Peak Design","description":"Kryty a dr\u017e\u00e1ky pro telefony, cestovn\u00ed a everyday batohy a ta\u0161ky, organiz\u00e9ry a fotop\u0159\u00edslu\u0161enstv\u00ed. Ultim\u00e1tn\u00ed v\u00fdbava pro ty, kte\u0159\u00ed vy\u017eaduj\u00ed to nejlep\u0161\u00ed.","potentialAction":[{"@type":"SearchAction","target":{"@type":"EntryPoint","urlTemplate":"https:\/\/www.onefive.cz\/peakdesign\/?s={search_term_string}"},"query-input":{"@type":"PropertyValueSpecification","valueRequired":true,"valueName":"search_term_string"}}],"inLanguage":"cs"}]}},"_links":{"self":[{"href":"https:\/\/www.onefive.cz\/peakdesign\/wp-json\/wp\/v2\/pages\/287","targetHints":{"allow":["GET"]}}],"collection":[{"href":"https:\/\/www.onefive.cz\/peakdesign\/wp-json\/wp\/v2\/pages"}],"about":[{"href":"https:\/\/www.onefive.cz\/peakdesign\/wp-json\/wp\/v2\/types\/page"}],"author":[{"embeddable":true,"href":"https:\/\/www.onefive.cz\/peakdesign\/wp-json\/wp\/v2\/users\/1"}],"replies":[{"embeddable":true,"href":"https:\/\/www.onefive.cz\/peakdesign\/wp-json\/wp\/v2\/comments?post=287"}],"version-history":[{"count":0,"href":"https:\/\/www.onefive.cz\/peakdesign\/wp-json\/wp\/v2\/pages\/287\/revisions"}],"up":[{"embeddable":true,"href":"https:\/\/www.onefive.cz\/peakdesign\/wp-json\/wp\/v2\/pages\/227"}],"wp:attachment":[{"href":"https:\/\/www.onefive.cz\/peakdesign\/wp-json\/wp\/v2\/media?parent=287"}],"curies":[{"name":"wp","href":"https:\/\/api.w.org\/{rel}","templated":true}]}}