{"id":1097,"date":"2015-11-17T13:22:14","date_gmt":"2015-11-17T13:22:14","guid":{"rendered":"http:\/\/onefive.cz\/peak-design\/shell\/"},"modified":"2026-04-17T05:36:19","modified_gmt":"2026-04-17T03:36:19","slug":"shell","status":"publish","type":"product","link":"https:\/\/www.onefive.cz\/peakdesign\/produkt\/shell\/","title":{"rendered":"Shell"},"content":{"rendered":"<div class='content-column one_half'><h2>Hlavn\u00ed rysy<\/h2>\n<p><img decoding=\"async\" class=\"alignnone size-full\" src=\"https:\/\/www.peakdesign.cz\/wp-content\/uploads\/2015\/11\/shell-cover.jpeg\" alt=\"shell-cover\" width=\"450\" \/><\/p>\n<ul style=\"padding-left: 15px;\">\n<li><strong>Ultralehk\u00fd a t\u011bsn\u011b padnouc\u00ed ochrann\u00fd kryt proti de\u0161ti a prachu pro v\u0161echny fotoapar\u00e1ty<\/strong>: K dispozici jsou 3 velikosti, kter\u00e9 perfektn\u011b padnou t\u00e9m\u011b\u0159 libovoln\u00e9 kombinaci fotoapar\u00e1tu a objektivu.<\/li>\n<li><strong>Elastick\u00fd<\/strong>: 4-sm\u011bry elastick\u00fd materi\u00e1l s podlepen\u00fdmi \u0161vy odol\u00e1 de\u0161ti, sn\u011bhu, prahu a po\u0161kr\u00e1b\u00e1n\u00ed<\/li>\n<li><strong>Pohodln\u00fd<\/strong>: Bez sejmut\u00ed z fotoapar\u00e1tu umo\u017e\u0148uje p\u0159\u00edstup k hled\u00e1\u010dku a ovl\u00e1dac\u00edm prvk\u016fm.<\/li>\n<li><strong>Lze pou\u017e\u00edt s dr\u017e\u00e1kem Capture Camera Clip nebo libovoln\u00fdm Peak Design popruhem<\/strong>: Voln\u00e1 spodn\u00ed strana a otvory pro kotvi\u010dky Anchor umo\u017e\u0148uj\u00ed pou\u017eit\u00ed dr\u017e\u00e1ku Capture Camera Clip a Peak Design popruh\u016f (<a title=\"Slide\" href=\"https:\/\/www.onefive.cz\/peakdesign\/produkt\/slide\/\">Slide<\/a>, <a href=\"https:\/\/www.onefive.cz\/peakdesign\/produkt\/slide-lite\/\">SlideLITE<\/a>, <a title=\"Leash\" href=\"https:\/\/www.onefive.cz\/peakdesign\/produkt\/leash\/\">Leash<\/a>).<\/li>\n<li><strong>Bezpe\u010dn\u00fd<\/strong>: Sta\u017een\u00edm utahovac\u00edch p\u00e1sk\u016f se zcela uzav\u0159e. Fotoapar\u00e1t je pak mo\u017en\u00e9 ulo\u017eit i mezi tvrd\u00e9\/ostr\u00e9 p\u0159edm\u011bty.<\/li>\n<li><strong>Miniaturn\u00ed<\/strong>: Po sundan\u00ed z fotoapar\u00e1tu lze slo\u017eit do velmi velikosti - vejde se t\u0159eba do kapsy.<\/li>\n<li><strong>Z\u00e1ruka<\/strong>: Do\u017eivotn\u00ed<\/li>\n<\/ul><\/div>\n<div class='content-column one_half last_column'><h2>Video<\/h2>\n<p style=\"padding-bottom: 15px;\"><iframe loading=\"lazy\" title=\"Peak Design Shell Camera Cover: Setup + Tips\" width=\"500\" height=\"281\" src=\"https:\/\/www.youtube.com\/embed\/sGGqAYY1WVU?feature=oembed\" frameborder=\"0\" allow=\"accelerometer; autoplay; clipboard-write; encrypted-media; gyroscope; picture-in-picture; web-share\" referrerpolicy=\"strict-origin-when-cross-origin\" allowfullscreen><\/iframe><\/p>\n<h2>Specifikace<\/h2>\n<ul style=\"padding-left: 15px; padding-bottom: 15px;\">\n<li><strong>Objednac\u00ed k\u00f3d<\/strong>: SH-S-1 (small), SH-M-1 (medium), SH-L-1 (large)<\/li>\n<li><strong>Z\u00e1ruka<\/strong>: Do\u017eivotn\u00ed<\/li>\n<\/ul>\n<h2>Obsah balen\u00ed<\/h2>\n<p><img decoding=\"async\" class=\"alignnone size-full\" src=\"https:\/\/www.peakdesign.cz\/wp-content\/uploads\/2015\/11\/in-box-shell.jpg\" alt=\"in-box-shell\" width=\"450\" \/><\/p>\n<ul style=\"padding-left: 15px; padding-bottom: 15px;\">\n<li>1. Shell<\/li>\n<\/ul><\/div><div class='clear_column'><\/div>\n","protected":false},"excerpt":{"rendered":"<p>Pouzdro a pl\u00e1\u0161t\u011bnka v jednom. Chra\u0148te fotoapar\u00e1t proti vod\u011b, sn\u011bhu, prachu a po\u0161kr\u00e1b\u00e1n\u00ed a\u0165 u\u017e ho m\u00e1te v ruce, na stativu, na batohu nebo uvnit\u0159 bra\u0161ny. D\u00edky unik\u00e1tn\u00edmu designu a elastick\u00e9mu materi\u00e1lu s vodot\u011bsnou membr\u00e1nou t\u011bsn\u011b obep\u00edn\u00e1 fotoapar\u00e1t. Nedoch\u00e1z\u00ed tedy k zv\u011bt\u0161en\u00ed objemu a ovlivn\u011bn\u00ed funkce. Pokud pou\u017eijete Shell s dr\u017e\u00e1kem Capture Camera Clip nebo libovoln\u00fdm Peak Design popruhem, budete m\u00edt fotoapar\u00e1t po ruce v jak\u00e9mkoliv prost\u0159ed\u00ed.<\/p>\n<p>Spr\u00e1vnou velikost Shell ur\u010d\u00edte podle <a href=\"https:\/\/www.peakdesign.cz\/vyber-spravne-velikosti-shell\/\">tabulky velikost\u00ed<\/a>.<\/p>\n","protected":false},"featured_media":109888,"template":"","meta":[],"product_brand":[],"product_cat":[18],"product_tag":[],"class_list":{"0":"post-1097","1":"product","2":"type-product","3":"status-publish","4":"has-post-thumbnail","6":"product_cat-uncategorized","8":"first","9":"instock","10":"taxable","11":"shipping-taxable","12":"purchasable","13":"product-type-variable"},"yoast_head":"<!-- This site is optimized with the Yoast SEO plugin v27.4 - https:\/\/yoast.com\/product\/yoast-seo-wordpress\/ -->\n<title>Shell - OneFive.cz - Prodejce Peak Design<\/title>\n<meta name=\"robots\" content=\"index, follow, max-snippet:-1, max-image-preview:large, max-video-preview:-1\" \/>\n<link rel=\"canonical\" href=\"https:\/\/www.onefive.cz\/peakdesign\/produkt\/shell\/\" \/>\n<meta property=\"og:locale\" content=\"cs_CZ\" \/>\n<meta property=\"og:type\" content=\"article\" \/>\n<meta property=\"og:title\" content=\"Shell - OneFive.cz - Prodejce Peak Design\" \/>\n<meta property=\"og:description\" content=\"Pouzdro a pl\u00e1\u0161t\u011bnka v jednom. Chra\u0148te fotoapar\u00e1t proti vod\u011b, sn\u011bhu, prachu a po\u0161kr\u00e1b\u00e1n\u00ed a\u0165 u\u017e ho m\u00e1te v ruce, na stativu, na batohu nebo uvnit\u0159 bra\u0161ny. D\u00edky unik\u00e1tn\u00edmu designu a elastick\u00e9mu materi\u00e1lu s vodot\u011bsnou membr\u00e1nou t\u011bsn\u011b obep\u00edn\u00e1 fotoapar\u00e1t. Nedoch\u00e1z\u00ed tedy k zv\u011bt\u0161en\u00ed objemu a ovlivn\u011bn\u00ed funkce. Pokud pou\u017eijete Shell s dr\u017e\u00e1kem Capture Camera Clip nebo libovoln\u00fdm Peak Design popruhem, budete m\u00edt fotoapar\u00e1t po ruce v jak\u00e9mkoliv prost\u0159ed\u00ed.  Spr\u00e1vnou velikost Shell ur\u010d\u00edte podle tabulky velikost\u00ed.\" \/>\n<meta property=\"og:url\" content=\"https:\/\/www.onefive.cz\/peakdesign\/produkt\/shell\/\" \/>\n<meta property=\"og:site_name\" content=\"OneFive.cz - Prodejce Peak Design\" \/>\n<meta property=\"article:modified_time\" content=\"2026-04-17T03:36:19+00:00\" \/>\n<meta property=\"og:image\" content=\"https:\/\/i0.wp.com\/www.onefive.cz\/peakdesign\/wp-content\/uploads\/2015\/11\/Shell-PDP-1-HERO_1024x1024.jpg?fit=1024%2C1024&ssl=1\" \/>\n\t<meta property=\"og:image:width\" content=\"1024\" \/>\n\t<meta property=\"og:image:height\" content=\"1024\" \/>\n\t<meta property=\"og:image:type\" content=\"image\/jpeg\" \/>\n<meta name=\"twitter:card\" content=\"summary_large_image\" \/>\n<meta name=\"twitter:label1\" content=\"Odhadovan\u00e1 doba \u010dten\u00ed\" \/>\n\t<meta name=\"twitter:data1\" content=\"2 minuty\" \/>\n<script type=\"application\/ld+json\" class=\"yoast-schema-graph\">{\"@context\":\"https:\\\/\\\/schema.org\",\"@graph\":[{\"@type\":\"WebPage\",\"@id\":\"https:\\\/\\\/www.onefive.cz\\\/peakdesign\\\/produkt\\\/shell\\\/\",\"url\":\"https:\\\/\\\/www.onefive.cz\\\/peakdesign\\\/produkt\\\/shell\\\/\",\"name\":\"Shell - OneFive.cz - Prodejce Peak Design\",\"isPartOf\":{\"@id\":\"https:\\\/\\\/www.onefive.cz\\\/peakdesign\\\/#website\"},\"primaryImageOfPage\":{\"@id\":\"https:\\\/\\\/www.onefive.cz\\\/peakdesign\\\/produkt\\\/shell\\\/#primaryimage\"},\"image\":{\"@id\":\"https:\\\/\\\/www.onefive.cz\\\/peakdesign\\\/produkt\\\/shell\\\/#primaryimage\"},\"thumbnailUrl\":\"https:\\\/\\\/www.onefive.cz\\\/peakdesign\\\/wp-content\\\/uploads\\\/2015\\\/11\\\/Shell-PDP-1-HERO_1024x1024.jpg\",\"datePublished\":\"2015-11-17T13:22:14+00:00\",\"dateModified\":\"2026-04-17T03:36:19+00:00\",\"breadcrumb\":{\"@id\":\"https:\\\/\\\/www.onefive.cz\\\/peakdesign\\\/produkt\\\/shell\\\/#breadcrumb\"},\"inLanguage\":\"cs\",\"potentialAction\":[{\"@type\":\"ReadAction\",\"target\":[\"https:\\\/\\\/www.onefive.cz\\\/peakdesign\\\/produkt\\\/shell\\\/\"]}]},{\"@type\":\"ImageObject\",\"inLanguage\":\"cs\",\"@id\":\"https:\\\/\\\/www.onefive.cz\\\/peakdesign\\\/produkt\\\/shell\\\/#primaryimage\",\"url\":\"https:\\\/\\\/www.onefive.cz\\\/peakdesign\\\/wp-content\\\/uploads\\\/2015\\\/11\\\/Shell-PDP-1-HERO_1024x1024.jpg\",\"contentUrl\":\"https:\\\/\\\/www.onefive.cz\\\/peakdesign\\\/wp-content\\\/uploads\\\/2015\\\/11\\\/Shell-PDP-1-HERO_1024x1024.jpg\",\"width\":1024,\"height\":1024},{\"@type\":\"BreadcrumbList\",\"@id\":\"https:\\\/\\\/www.onefive.cz\\\/peakdesign\\\/produkt\\\/shell\\\/#breadcrumb\",\"itemListElement\":[{\"@type\":\"ListItem\",\"position\":1,\"name\":\"Dom\u016f\",\"item\":\"https:\\\/\\\/www.onefive.cz\\\/peakdesign\\\/\"},{\"@type\":\"ListItem\",\"position\":2,\"name\":\"Shop\",\"item\":\"https:\\\/\\\/www.onefive.cz\\\/peakdesign\\\/shop\\\/\"},{\"@type\":\"ListItem\",\"position\":3,\"name\":\"Shell\"}]},{\"@type\":\"WebSite\",\"@id\":\"https:\\\/\\\/www.onefive.cz\\\/peakdesign\\\/#website\",\"url\":\"https:\\\/\\\/www.onefive.cz\\\/peakdesign\\\/\",\"name\":\"OneFive.cz - Prodejce Peak Design\",\"description\":\"Kryty a dr\u017e\u00e1ky pro telefony, cestovn\u00ed a everyday batohy a ta\u0161ky, organiz\u00e9ry a fotop\u0159\u00edslu\u0161enstv\u00ed. Ultim\u00e1tn\u00ed v\u00fdbava pro ty, kte\u0159\u00ed vy\u017eaduj\u00ed to nejlep\u0161\u00ed.\",\"potentialAction\":[{\"@type\":\"SearchAction\",\"target\":{\"@type\":\"EntryPoint\",\"urlTemplate\":\"https:\\\/\\\/www.onefive.cz\\\/peakdesign\\\/?s={search_term_string}\"},\"query-input\":{\"@type\":\"PropertyValueSpecification\",\"valueRequired\":true,\"valueName\":\"search_term_string\"}}],\"inLanguage\":\"cs\"}]}<\/script>\n<!-- \/ Yoast SEO plugin. -->","yoast_head_json":{"title":"Shell - OneFive.cz - Prodejce Peak Design","robots":{"index":"index","follow":"follow","max-snippet":"max-snippet:-1","max-image-preview":"max-image-preview:large","max-video-preview":"max-video-preview:-1"},"canonical":"https:\/\/www.onefive.cz\/peakdesign\/produkt\/shell\/","og_locale":"cs_CZ","og_type":"article","og_title":"Shell - OneFive.cz - Prodejce Peak Design","og_description":"Pouzdro a pl\u00e1\u0161t\u011bnka v jednom. Chra\u0148te fotoapar\u00e1t proti vod\u011b, sn\u011bhu, prachu a po\u0161kr\u00e1b\u00e1n\u00ed a\u0165 u\u017e ho m\u00e1te v ruce, na stativu, na batohu nebo uvnit\u0159 bra\u0161ny. D\u00edky unik\u00e1tn\u00edmu designu a elastick\u00e9mu materi\u00e1lu s vodot\u011bsnou membr\u00e1nou t\u011bsn\u011b obep\u00edn\u00e1 fotoapar\u00e1t. Nedoch\u00e1z\u00ed tedy k zv\u011bt\u0161en\u00ed objemu a ovlivn\u011bn\u00ed funkce. Pokud pou\u017eijete Shell s dr\u017e\u00e1kem Capture Camera Clip nebo libovoln\u00fdm Peak Design popruhem, budete m\u00edt fotoapar\u00e1t po ruce v jak\u00e9mkoliv prost\u0159ed\u00ed.  Spr\u00e1vnou velikost Shell ur\u010d\u00edte podle tabulky velikost\u00ed.","og_url":"https:\/\/www.onefive.cz\/peakdesign\/produkt\/shell\/","og_site_name":"OneFive.cz - Prodejce Peak Design","article_modified_time":"2026-04-17T03:36:19+00:00","og_image":[{"width":1024,"height":1024,"url":"https:\/\/i0.wp.com\/www.onefive.cz\/peakdesign\/wp-content\/uploads\/2015\/11\/Shell-PDP-1-HERO_1024x1024.jpg?fit=1024%2C1024&ssl=1","type":"image\/jpeg"}],"twitter_card":"summary_large_image","twitter_misc":{"Odhadovan\u00e1 doba \u010dten\u00ed":"2 minuty"},"schema":{"@context":"https:\/\/schema.org","@graph":[{"@type":"WebPage","@id":"https:\/\/www.onefive.cz\/peakdesign\/produkt\/shell\/","url":"https:\/\/www.onefive.cz\/peakdesign\/produkt\/shell\/","name":"Shell - OneFive.cz - Prodejce Peak Design","isPartOf":{"@id":"https:\/\/www.onefive.cz\/peakdesign\/#website"},"primaryImageOfPage":{"@id":"https:\/\/www.onefive.cz\/peakdesign\/produkt\/shell\/#primaryimage"},"image":{"@id":"https:\/\/www.onefive.cz\/peakdesign\/produkt\/shell\/#primaryimage"},"thumbnailUrl":"https:\/\/www.onefive.cz\/peakdesign\/wp-content\/uploads\/2015\/11\/Shell-PDP-1-HERO_1024x1024.jpg","datePublished":"2015-11-17T13:22:14+00:00","dateModified":"2026-04-17T03:36:19+00:00","breadcrumb":{"@id":"https:\/\/www.onefive.cz\/peakdesign\/produkt\/shell\/#breadcrumb"},"inLanguage":"cs","potentialAction":[{"@type":"ReadAction","target":["https:\/\/www.onefive.cz\/peakdesign\/produkt\/shell\/"]}]},{"@type":"ImageObject","inLanguage":"cs","@id":"https:\/\/www.onefive.cz\/peakdesign\/produkt\/shell\/#primaryimage","url":"https:\/\/www.onefive.cz\/peakdesign\/wp-content\/uploads\/2015\/11\/Shell-PDP-1-HERO_1024x1024.jpg","contentUrl":"https:\/\/www.onefive.cz\/peakdesign\/wp-content\/uploads\/2015\/11\/Shell-PDP-1-HERO_1024x1024.jpg","width":1024,"height":1024},{"@type":"BreadcrumbList","@id":"https:\/\/www.onefive.cz\/peakdesign\/produkt\/shell\/#breadcrumb","itemListElement":[{"@type":"ListItem","position":1,"name":"Dom\u016f","item":"https:\/\/www.onefive.cz\/peakdesign\/"},{"@type":"ListItem","position":2,"name":"Shop","item":"https:\/\/www.onefive.cz\/peakdesign\/shop\/"},{"@type":"ListItem","position":3,"name":"Shell"}]},{"@type":"WebSite","@id":"https:\/\/www.onefive.cz\/peakdesign\/#website","url":"https:\/\/www.onefive.cz\/peakdesign\/","name":"OneFive.cz - Prodejce Peak Design","description":"Kryty a dr\u017e\u00e1ky pro telefony, cestovn\u00ed a everyday batohy a ta\u0161ky, organiz\u00e9ry a fotop\u0159\u00edslu\u0161enstv\u00ed. Ultim\u00e1tn\u00ed v\u00fdbava pro ty, kte\u0159\u00ed vy\u017eaduj\u00ed to nejlep\u0161\u00ed.","potentialAction":[{"@type":"SearchAction","target":{"@type":"EntryPoint","urlTemplate":"https:\/\/www.onefive.cz\/peakdesign\/?s={search_term_string}"},"query-input":{"@type":"PropertyValueSpecification","valueRequired":true,"valueName":"search_term_string"}}],"inLanguage":"cs"}]}},"_links":{"self":[{"href":"https:\/\/www.onefive.cz\/peakdesign\/wp-json\/wp\/v2\/product\/1097","targetHints":{"allow":["GET"]}}],"collection":[{"href":"https:\/\/www.onefive.cz\/peakdesign\/wp-json\/wp\/v2\/product"}],"about":[{"href":"https:\/\/www.onefive.cz\/peakdesign\/wp-json\/wp\/v2\/types\/product"}],"wp:featuredmedia":[{"embeddable":true,"href":"https:\/\/www.onefive.cz\/peakdesign\/wp-json\/wp\/v2\/media\/109888"}],"wp:attachment":[{"href":"https:\/\/www.onefive.cz\/peakdesign\/wp-json\/wp\/v2\/media?parent=1097"}],"wp:term":[{"taxonomy":"product_brand","embeddable":true,"href":"https:\/\/www.onefive.cz\/peakdesign\/wp-json\/wp\/v2\/product_brand?post=1097"},{"taxonomy":"product_cat","embeddable":true,"href":"https:\/\/www.onefive.cz\/peakdesign\/wp-json\/wp\/v2\/product_cat?post=1097"},{"taxonomy":"product_tag","embeddable":true,"href":"https:\/\/www.onefive.cz\/peakdesign\/wp-json\/wp\/v2\/product_tag?post=1097"}],"curies":[{"name":"wp","href":"https:\/\/api.w.org\/{rel}","templated":true}]}}