{"id":115171,"date":"2021-09-14T20:38:49","date_gmt":"2021-09-14T18:38:49","guid":{"rendered":"https:\/\/www.onefive.cz\/peakdesign\/?post_type=product&#038;p=115171"},"modified":"2026-04-17T05:36:21","modified_gmt":"2026-04-17T03:36:21","slug":"motorcycle-mirror-mount","status":"publish","type":"product","link":"https:\/\/www.onefive.cz\/peakdesign\/produkt\/motorcycle-mirror-mount\/","title":{"rendered":"Motorcycle Mirror Mount"},"content":{"rendered":"<div class='content-column one_half'><h2>Hlavn\u00ed rysy<\/h2>\n<p><strong>V\u00cdCE J\u00cdZDY, M\u00c9N\u011a ROZPTYLOV\u00c1N\u00cd<\/strong><\/p>\n<ul style=\"padding-left: 15px;\">\n<li>Objemn\u00fd a t\u011b\u017ekop\u00e1dn\u00fd dr\u017e\u00e1k telefonu na motorce je otravn\u00fd, rozptyluj\u00edc\u00ed a nebezpe\u010dn\u00fd. Dr\u017e\u00e1ky Peak Design pro motocykly maximalizuj\u00ed bezpe\u010dnost a pou\u017eitelnost tv\u00e9ho telefonu - to v\u0161e p\u0159i minim\u00e1ln\u00edch rozm\u011brech.<\/li>\n<\/ul>\n<p><strong>DOKONAL\u00c9 SPOJEN\u00cd<\/strong><\/p>\n<ul style=\"padding-left: 15px;\">\n<li>Rychlost a bezpe\u010dnost vestav\u011bn\u00e9ho magneticko\/mechanick\u00e9ho z\u00e1mku (tzv. SlimLink\u2122) t\u011b naprosto okouzl\u00ed<\/li>\n<li>Intuitivn\u00ed upevn\u011bn\u00ed a odejmut\u00ed telefonu jednou rukou bez nutnosti pohledu<\/li>\n<li>Telefon pevn\u011b dr\u017e\u00ed na m\u00edst\u011b, ale je p\u0159\u00edstupn\u00fd stisknut\u00edm tla\u010d\u00edtka<\/li>\n<li>Dostate\u010dn\u011b robustn\u00ed pro tvou ka\u017edou j\u00edzdu<\/li>\n<li>Snadn\u00e9 upevn\u011bn\u00ed a odejmut\u00ed telefonu i v rukavic\u00edch<\/li>\n<\/ul>\n<p><strong>VYDR\u017d\u00cd ROKY<\/strong><\/p>\n<ul style=\"padding-left: 15px;\">\n<li>D\u00edky pr\u00e9miov\u00fdm materi\u00e1l\u016fm a pevn\u00e9 konstrukci ti tento dr\u017e\u00e1k bude slou\u017eit mnoho let a p\u0159e\u017eije mnoho telefon\u016f<\/li>\n<li>Do\u017eivotn\u00ed z\u00e1ruka, stejn\u011b jako u v\u0161ech produkt\u016f Peak Design<\/li>\n<li>Bezpe\u010dn\u011b a pevn\u011b p\u0159ipevni sv\u016fj telefon na jak\u00e9koliv zrc\u00e1tko (s kruhov\u00fdm profilem), naviga\u010dn\u00ed hrazdu nebo p\u0159\u00edslu\u0161enstv\u00ed o pr\u016fm\u011bru od 10 mm do 16 mm<\/li>\n<li>Ide\u00e1ln\u00ed pro sk\u00fatry s dlouh\u00fdmi zrc\u00e1tky nebo v\u011bt\u0161\u00ed motocykly s hrazdi\u010dkami\/p\u0159\u00edslu\u0161enstv\u00edm v bl\u00edzkosti p\u0159\u00edstrojov\u00e9 desky.<\/li>\n<li>Okam\u017eit\u00e9, vod\u011bodoln\u00e9, nejrychlej\u0161\u00ed (a\u017e 15 W) bezdr\u00e1tov\u00e9 nab\u00edjen\u00ed Qi2 (pouze u modelu s nab\u00edjen\u00edm).<\/li>\n<li>Odoln\u00e1 konstrukce z hlin\u00edku, odoln\u00e1 proti pov\u011btrnostn\u00edm vliv\u016fm.<\/li>\n<\/ul>\n<p><strong>MAXIM\u00c1LN\u00cd OCHRANA PROTI VIBRAC\u00cdM<\/strong><\/p>\n<ul style=\"padding-left: 15px;\">\n<li>Nejlep\u0161\u00ed tlumi\u010d vibrac\u00ed ve sv\u00e9 t\u0159\u00edd\u011b zabra\u0148uje po\u0161kozen\u00ed choulostiv\u00fdch sou\u010d\u00e1st\u00ed telefonu<\/li>\n<li><a href=\"https:\/\/www.peakdesign.cz\/tlumeni-vibraci-drzaky-na-motorku-peak-design\/\">Testov\u00e1no<\/a> tis\u00edce kilometr\u016f v r\u016fzn\u00fdch ter\u00e9nech, na r\u016fzn\u00fdch motocyklech a s r\u016fzn\u00fdmi modely telefon\u016f<\/li>\n<\/ul>\n<p><strong>UNIVERZ\u00c1LN\u00cd MO\u017dNOSTI MONT\u00c1\u017dE<\/strong><\/p>\n<ul style=\"padding-left: 15px;\">\n<li>Mont\u00e1\u017en\u00ed rameno lze ot\u00e1\u010det a aretovat ve 24 r\u016fzn\u00fdch poloh\u00e1ch pro optim\u00e1ln\u00ed um\u00edst\u011bn\u00ed telefonu a pozorovac\u00ed \u00fahel<\/li>\n<li>Voln\u011b oto\u010dn\u00fd kulov\u00fd \u010dep umo\u017e\u0148uje p\u0159izp\u016fsobit polohu telefonu pro optim\u00e1ln\u00ed zobrazen\u00ed<\/li>\n<li>Kulov\u00fd \u010dep lze napevno zafixovat, nebo povolit pro rychl\u00e9 nastaven\u00ed \u00fahlu<\/li>\n<li>Mont\u00e1\u017en\u00ed rameno lze odejmout pro mont\u00e1\u017e bl\u00ed\u017ee k trubce<\/li>\n<li>Dr\u017e\u00ed telefon v re\u017eimu na v\u00fd\u0161ku nebo na \u0161\u00ed\u0159ku<\/li>\n<\/ul>\n<p><strong>KOMPATIBILITA S TELEFONY\/KRYTY<\/strong><\/p>\n<ul style=\"padding-left: 15px;\">\n<li>Vy\u017eaduje pou\u017eit\u00ed <a href=\"https:\/\/www.onefive.cz\/peakdesign\/produkt\/everyday-case\/\">krytu Peak Design<\/a> nebo <a href=\"https:\/\/www.onefive.cz\/peakdesign\/produkt\/universal-adapter\/\">univerz\u00e1ln\u00edho adapt\u00e9ru<\/a><\/li>\n<\/ul>\n<p><strong>KOMPATIBILITA S \u0158\u00cdD\u00cdTKY\/MOTOCYKLY<\/strong><\/p>\n<ul style=\"padding-left: 15px;\">\n<li>Vhodn\u00e9 pro b\u011b\u017en\u00e9 velikosti \u0159\u00edd\u00edtek s p\u0159ilo\u017een\u00fdmi obj\u00edmkami: 1-1\/4\", 1-1\/8\", 1\" a 7\/8\"<\/li>\n<li>Jezd\u00ed\u0161 na silni\u010dn\u00edm\/sportovn\u00edm motocyklu - po\u0159i\u010f si <a href=\"https:\/\/www.onefive.cz\/peakdesign\/produkt\/motorcycle-stem-mount\/\">Motorcycle Stem Mount<\/a><\/li>\n<\/ul>\n<p><strong>KOMPATIBILITA S BEZDR\u00c1TOV\u00ddM NAB\u00cdJEN\u00cdM<\/strong><\/p>\n<ul>\n<li>Verze s nab\u00edjen\u00edm Qi2 je dod\u00e1v\u00e1na s vodot\u011bsn\u00fdm kabelem USB-C (1 m), kter\u00fd vy\u017eaduje zdroj nap\u00e1jen\u00ed USB-C. <a href=\"https:\/\/www.onefive.cz\/peakdesign\/produkt\/mobile-motorcycle-mount-usb-a-cable-kit-black\/\">Kabely USB-A<\/a> a <a href=\"https:\/\/www.onefive.cz\/peakdesign\/produkt\/mobile-motorcycle-mount-sae-cable-kit-black\/\">SAE<\/a> (p\u0159\u00edm\u00e9 p\u0159ipojen\u00ed k baterii) se prod\u00e1vaj\u00ed samostatn\u011b.<\/li>\n<\/ul>\n<p><iframe loading=\"lazy\" title=\"Peak Design Moto Mounts - ty nejlep\u0161\u00ed dr\u017e\u00e1ky telefonu na motorku\" width=\"500\" height=\"281\" src=\"https:\/\/www.youtube.com\/embed\/fPEqRdNOgSQ?feature=oembed&enablejsapi=1&origin=https:\/\/www.onefive.cz\" frameborder=\"0\" allow=\"accelerometer; autoplay; clipboard-write; encrypted-media; gyroscope; picture-in-picture; web-share\" referrerpolicy=\"strict-origin-when-cross-origin\" allowfullscreen><\/iframe><\/p><\/div>\n<div class='content-column one_half last_column'><h2>Video<\/h2>\n<p><iframe loading=\"lazy\" title=\"Qi2 Charging Motorcycle Mirror Mount: Everything You Need to Know\" width=\"500\" height=\"281\" src=\"https:\/\/www.youtube.com\/embed\/aIlkDS1-_YE?feature=oembed&enablejsapi=1&origin=https:\/\/www.onefive.cz\" frameborder=\"0\" allow=\"accelerometer; autoplay; clipboard-write; encrypted-media; gyroscope; picture-in-picture; web-share\" referrerpolicy=\"strict-origin-when-cross-origin\" allowfullscreen><\/iframe><\/p>\n<h2 style=\"padding-top: 15px;\">Specifikace<\/h2>\n<p><strong>Rozm\u011bry<\/strong><br \/>\nHlava dr\u017e\u00e1ku s nab\u00edjen\u00edm: 5.8 cm x 5.8 cm x 1.65cm<br \/>\nHlava dr\u017e\u00e1ku bez nab\u00edjen\u00ed: 5.8 cm x 5.8 cm x 1.33cm<br \/>\nD\u00e9lka ramene (mezi okraji): 9,9 cm<br \/>\n\u0160\u00ed\u0159ka ramene: 1,8 cm<br \/>\nV\u00fd\u0161ka ramene: 0,6 cm<\/p>\n<p><strong>Hmotnost<\/strong><\/p>\n<p>Verze bez nab\u00edjen\u00ed s odejmut\u00fdm ramenem: 138g<br \/>\nVerze s nab\u00edjen\u00edm s odejmut\u00fdm ramenem: 160g<br \/>\nMal\u00e1 obj\u00edmka: 3,9 g<br \/>\nSt\u0159edn\u00ed obj\u00edmka: 6,8 g<br \/>\nVelk\u00e1 obj\u00edmka: 9,2 g<\/p>\n<p><strong>Vhodn\u00e9 pro \u0159\u00edd\u00edtka<\/strong><\/p>\n<p>10mm (0.39\")<br \/>\n12mm (0.47\")<br \/>\n14mm (0.55\")<br \/>\n16mm (0.63\")<\/p>\n<p><strong>Materi\u00e1ly<\/strong><br \/>\nObr\u00e1b\u011bn\u00e1\/anodizovan\u00e1 hlin\u00edkov\u00e1 hlava dr\u017e\u00e1ku a rameno<br \/>\nP\u0159ilnav\u00e1 silikonov\u00e1 mont\u00e1\u017en\u00ed podlo\u017eka s UV stabiliz\u00e1torem Tinuvin 770<br \/>\nEPDM gumov\u00e9 obj\u00edmky pro nastaven\u00ed velikosti \u0159id\u00edtek<br \/>\n\u010c\u00e1sti z nerezov\u00e9 oceli s PVD \u00fapravou<br \/>\nSilikonov\u00e9 tlumi\u010de vibrac\u00ed<br \/>\nVysokoteplotn\u00ed neodymov\u00e9 magnety<\/p>\n<p><strong>Z\u00e1ruka<\/strong>: Do\u017eivotn\u00ed<\/p>\n<p><strong>N\u00e1vod<\/strong>: <a href=\"https:\/\/www.peakdesign.cz\/data\/manuals\/mobile\/Motorcycle%20Bar%20Mount%20CZ.pdf\" target=\"_blank\" rel=\"noopener\">st\u00e1hnout PDF<\/a><\/p>\n<h2>Obsah balen\u00ed<\/h2>\n<p><img loading=\"lazy\" decoding=\"async\" class=\"alignnone size-full wp-image-115188\" src=\"https:\/\/www.onefive.cz\/peakdesign\/wp-content\/uploads\/2024\/08\/WitB-Mirror-Mount.jpg\" alt=\"\" width=\"1800\" height=\"1300\" srcset=\"https:\/\/www.onefive.cz\/peakdesign\/wp-content\/uploads\/2024\/08\/WitB-Mirror-Mount.jpg 1800w, https:\/\/www.onefive.cz\/peakdesign\/wp-content\/uploads\/2024\/08\/WitB-Mirror-Mount-500x361.jpg 500w, https:\/\/www.onefive.cz\/peakdesign\/wp-content\/uploads\/2024\/08\/WitB-Mirror-Mount-768x555.jpg 768w, https:\/\/www.onefive.cz\/peakdesign\/wp-content\/uploads\/2024\/08\/WitB-Mirror-Mount-1500x1083.jpg 1500w, https:\/\/www.onefive.cz\/peakdesign\/wp-content\/uploads\/2024\/08\/WitB-Mirror-Mount-1536x1109.jpg 1536w, https:\/\/www.onefive.cz\/peakdesign\/wp-content\/uploads\/2024\/08\/WitB-Mirror-Mount-24x17.jpg 24w, https:\/\/www.onefive.cz\/peakdesign\/wp-content\/uploads\/2024\/08\/WitB-Mirror-Mount-36x26.jpg 36w, https:\/\/www.onefive.cz\/peakdesign\/wp-content\/uploads\/2024\/08\/WitB-Mirror-Mount-48x35.jpg 48w, https:\/\/www.onefive.cz\/peakdesign\/wp-content\/uploads\/2024\/08\/WitB-Mirror-Mount-450x325.jpg 450w\" sizes=\"auto, (max-width: 1800px) 100vw, 1800px\" \/><\/p>\n<ul style=\"padding-left: 15px; padding-bottom: 15px;\">\n<li>1. 1x Motorcycle Mirror Mount<\/li>\n<li>2. 3x Obj\u00edmky: 10mm, 12mm, 14mm (mont\u00e1\u017e na 16mm bez obj\u00edmky)<\/li>\n<li>3. 1x 4mm imbus kl\u00ed\u010d<\/li>\n<li>4. 2x P\u0159ipevn\u011bn\u00ed kabelu<\/li>\n<li>5. 1x USB-C kabel (1 m)<\/li>\n<\/ul><\/div><div class='clear_column'><\/div>\n","protected":false},"excerpt":{"rendered":"<p>Dr\u017e\u00e1k telefonu s pojistkou na zrc\u00e1tka sk\u00fatr\u016f nebo na hrazdy motocykl\u016f.<\/p>\n<p>V\u0161estrann\u00fd a bezpe\u010dn\u00fd dr\u017e\u00e1k telefonu na motorku, kter\u00fd je kr\u00e1sn\u00fd, odoln\u00fd, nastaviteln\u00fd a \u00fa\u017easn\u011b snadno se pou\u017e\u00edv\u00e1 - nyn\u00ed s nejrychlej\u0161\u00edm bezdr\u00e1tov\u00fdm nab\u00edjen\u00edm d\u00edky certifikaci Qi2*. P\u0159esta\u0148 se tr\u00e1pit s dr\u017e\u00e1ky, kter\u00e9 jsou objemn\u00e9, neohraban\u00e9 a nevzhledn\u00e9. Dr\u017e\u00e1k lze bezpe\u010dn\u011b p\u0159ipevnit na \u0161irokou \u0161k\u00e1lu zrc\u00e1tek, naviga\u010dn\u00edch p\u0159\u00ed\u010dek a p\u0159\u00edslu\u0161enstv\u00ed o pr\u016fm\u011bru od 10 mm do 16 mm.\u00a0Mimo\u0159\u00e1dn\u011b siln\u00fd magneticko-mechanick\u00fd z\u00e1mek (SlimLink\u2122) telefon uchop\u00ed a uzamkne tak snadno, \u017ee t\u011b to naprosto okouzl\u00ed. Telefon m\u016f\u017ee\u0161 okam\u017eit\u011b vyjmout stisknut\u00edm tla\u010d\u00edtka - dokonce i v rukavic\u00edch. Pevn\u00e9 nastavovac\u00ed rameno s voln\u011b oto\u010dn\u00fdm kulov\u00fdm \u010depem umo\u017e\u0148uje p\u0159izp\u016fsobit polohu telefonu pro optim\u00e1ln\u00ed zobrazen\u00ed. Pro mont\u00e1\u017e bl\u00ed\u017ee k \u0159id\u00edtk\u016fm m\u016f\u017ee\u0161 rameno odejmout. <a href=\"https:\/\/www.peakdesign.cz\/tlumeni-vibraci-drzaky-na-motorku-peak-design\/\">Nejlep\u0161\u00ed tlumi\u010d vibrac\u00ed<\/a> ve sv\u00e9 t\u0159\u00edd\u011b zabra\u0148uje po\u0161kozen\u00ed telefonu i p\u0159i j\u00edzd\u011b v ter\u00e9nu, ale z\u00e1rove\u0148 zachov\u00e1v\u00e1 dostate\u010dnou tuhost, abys mohl s telefonem snadno pracovat i b\u011bhem jeho uchycen\u00ed. Konstrukce z obr\u00e1b\u011bn\u00e9ho\/anodizovan\u00e9ho hlin\u00edku odoln\u00e1 proti pov\u011btrnostn\u00edm vliv\u016fm s upev\u0148ovac\u00edmi prvky z nerezov\u00e9 oceli. [read more]<\/p>\n<p>Vylep\u0161en\u00ed verze V2 zahrnuj\u00ed pln\u011b nastaviteln\u00fd kulov\u00fd \u010dep, vylep\u0161enou estetiku a voliteln\u00e9 bezdr\u00e1tov\u00e9 nab\u00edjen\u00ed Qi2.<\/p>\n<p>Vy\u017eaduje kryt Peak Design <a href=\"https:\/\/www.onefive.cz\/peakdesign\/produkt\/everyday-case\/\">Everyday Case<\/a> nebo adapt\u00e9r <a href=\"https:\/\/www.onefive.cz\/peakdesign\/produkt\/universal-adapter\/\">Universal Adapter<\/a> (prod\u00e1v\u00e1 se samostatn\u011b).[\/read]<\/p>\n<p>Verze s nab\u00edjen\u00edm Qi2 je dod\u00e1v\u00e1na s vodot\u011bsn\u00fdm kabelem USB-C (1 m), kter\u00fd vy\u017eaduje zdroj nap\u00e1jen\u00ed USB-C. Kabely <a href=\"https:\/\/www.onefive.cz\/peakdesign\/produkt\/mobile-motorcycle-mount-usb-a-cable-kit-black\/\">USB-A<\/a> a <a href=\"https:\/\/www.onefive.cz\/peakdesign\/produkt\/mobile-motorcycle-mount-sae-cable-kit-black\/\">SAE<\/a>\u00a0(p\u0159\u00edm\u00e9 p\u0159ipojen\u00ed k baterii) se prod\u00e1vaj\u00ed samostatn\u011b.<\/p>\n","protected":false},"featured_media":115175,"template":"","meta":[],"product_brand":[],"product_cat":[25],"product_tag":[],"class_list":{"0":"post-115171","1":"product","2":"type-product","3":"status-publish","4":"has-post-thumbnail","6":"product_cat-mobile","8":"first","9":"onbackorder","10":"taxable","11":"shipping-taxable","12":"purchasable","13":"product-type-variable","14":"has-default-attributes"},"yoast_head":"<!-- This site is optimized with the Yoast SEO plugin v27.4 - https:\/\/yoast.com\/product\/yoast-seo-wordpress\/ -->\n<title>Motorcycle Mirror Mount - OneFive.cz - Prodejce Peak Design<\/title>\n<meta name=\"description\" content=\"Motorcycle Bar Mount\" \/>\n<meta name=\"robots\" content=\"index, follow, max-snippet:-1, max-image-preview:large, max-video-preview:-1\" \/>\n<link rel=\"canonical\" href=\"https:\/\/www.onefive.cz\/peakdesign\/produkt\/motorcycle-mirror-mount\/\" \/>\n<meta property=\"og:locale\" content=\"cs_CZ\" \/>\n<meta property=\"og:type\" content=\"article\" \/>\n<meta property=\"og:title\" content=\"Motorcycle Mirror Mount - OneFive.cz - Prodejce Peak Design\" \/>\n<meta property=\"og:description\" content=\"Motorcycle Bar Mount\" \/>\n<meta property=\"og:url\" content=\"https:\/\/www.onefive.cz\/peakdesign\/produkt\/motorcycle-mirror-mount\/\" \/>\n<meta property=\"og:site_name\" content=\"OneFive.cz - Prodejce Peak Design\" \/>\n<meta property=\"article:modified_time\" content=\"2026-04-17T03:36:21+00:00\" \/>\n<meta property=\"og:image\" content=\"https:\/\/www.onefive.cz\/peakdesign\/wp-content\/uploads\/2024\/08\/mobile-moto-mirror-l-studio1_1024x1024.jpg\" \/>\n\t<meta property=\"og:image:width\" content=\"1024\" \/>\n\t<meta property=\"og:image:height\" content=\"1024\" \/>\n\t<meta property=\"og:image:type\" content=\"image\/jpeg\" \/>\n<meta name=\"twitter:card\" content=\"summary_large_image\" \/>\n<meta name=\"twitter:label1\" content=\"Odhadovan\u00e1 doba \u010dten\u00ed\" \/>\n\t<meta name=\"twitter:data1\" content=\"4 minuty\" \/>\n<script type=\"application\/ld+json\" class=\"yoast-schema-graph\">{\"@context\":\"https:\\\/\\\/schema.org\",\"@graph\":[{\"@type\":\"WebPage\",\"@id\":\"https:\\\/\\\/www.onefive.cz\\\/peakdesign\\\/produkt\\\/motorcycle-mirror-mount\\\/\",\"url\":\"https:\\\/\\\/www.onefive.cz\\\/peakdesign\\\/produkt\\\/motorcycle-mirror-mount\\\/\",\"name\":\"Motorcycle Mirror Mount - OneFive.cz - Prodejce Peak Design\",\"isPartOf\":{\"@id\":\"https:\\\/\\\/www.onefive.cz\\\/peakdesign\\\/#website\"},\"primaryImageOfPage\":{\"@id\":\"https:\\\/\\\/www.onefive.cz\\\/peakdesign\\\/produkt\\\/motorcycle-mirror-mount\\\/#primaryimage\"},\"image\":{\"@id\":\"https:\\\/\\\/www.onefive.cz\\\/peakdesign\\\/produkt\\\/motorcycle-mirror-mount\\\/#primaryimage\"},\"thumbnailUrl\":\"https:\\\/\\\/www.onefive.cz\\\/peakdesign\\\/wp-content\\\/uploads\\\/2024\\\/08\\\/mobile-moto-mirror-l-studio1_1024x1024.jpg\",\"datePublished\":\"2021-09-14T18:38:49+00:00\",\"dateModified\":\"2026-04-17T03:36:21+00:00\",\"description\":\"Motorcycle Bar Mount\",\"breadcrumb\":{\"@id\":\"https:\\\/\\\/www.onefive.cz\\\/peakdesign\\\/produkt\\\/motorcycle-mirror-mount\\\/#breadcrumb\"},\"inLanguage\":\"cs\",\"potentialAction\":[{\"@type\":\"ReadAction\",\"target\":[\"https:\\\/\\\/www.onefive.cz\\\/peakdesign\\\/produkt\\\/motorcycle-mirror-mount\\\/\"]}]},{\"@type\":\"ImageObject\",\"inLanguage\":\"cs\",\"@id\":\"https:\\\/\\\/www.onefive.cz\\\/peakdesign\\\/produkt\\\/motorcycle-mirror-mount\\\/#primaryimage\",\"url\":\"https:\\\/\\\/www.onefive.cz\\\/peakdesign\\\/wp-content\\\/uploads\\\/2024\\\/08\\\/mobile-moto-mirror-l-studio1_1024x1024.jpg\",\"contentUrl\":\"https:\\\/\\\/www.onefive.cz\\\/peakdesign\\\/wp-content\\\/uploads\\\/2024\\\/08\\\/mobile-moto-mirror-l-studio1_1024x1024.jpg\",\"width\":1024,\"height\":1024},{\"@type\":\"BreadcrumbList\",\"@id\":\"https:\\\/\\\/www.onefive.cz\\\/peakdesign\\\/produkt\\\/motorcycle-mirror-mount\\\/#breadcrumb\",\"itemListElement\":[{\"@type\":\"ListItem\",\"position\":1,\"name\":\"Dom\u016f\",\"item\":\"https:\\\/\\\/www.onefive.cz\\\/peakdesign\\\/\"},{\"@type\":\"ListItem\",\"position\":2,\"name\":\"Shop\",\"item\":\"https:\\\/\\\/www.onefive.cz\\\/peakdesign\\\/shop\\\/\"},{\"@type\":\"ListItem\",\"position\":3,\"name\":\"Motorcycle Mirror Mount\"}]},{\"@type\":\"WebSite\",\"@id\":\"https:\\\/\\\/www.onefive.cz\\\/peakdesign\\\/#website\",\"url\":\"https:\\\/\\\/www.onefive.cz\\\/peakdesign\\\/\",\"name\":\"OneFive.cz - Prodejce Peak Design\",\"description\":\"Kryty a dr\u017e\u00e1ky pro telefony, cestovn\u00ed a everyday batohy a ta\u0161ky, organiz\u00e9ry a fotop\u0159\u00edslu\u0161enstv\u00ed. Ultim\u00e1tn\u00ed v\u00fdbava pro ty, kte\u0159\u00ed vy\u017eaduj\u00ed to nejlep\u0161\u00ed.\",\"potentialAction\":[{\"@type\":\"SearchAction\",\"target\":{\"@type\":\"EntryPoint\",\"urlTemplate\":\"https:\\\/\\\/www.onefive.cz\\\/peakdesign\\\/?s={search_term_string}\"},\"query-input\":{\"@type\":\"PropertyValueSpecification\",\"valueRequired\":true,\"valueName\":\"search_term_string\"}}],\"inLanguage\":\"cs\"}]}<\/script>\n<!-- \/ Yoast SEO plugin. -->","yoast_head_json":{"title":"Motorcycle Mirror Mount - OneFive.cz - Prodejce Peak Design","description":"Motorcycle Bar Mount","robots":{"index":"index","follow":"follow","max-snippet":"max-snippet:-1","max-image-preview":"max-image-preview:large","max-video-preview":"max-video-preview:-1"},"canonical":"https:\/\/www.onefive.cz\/peakdesign\/produkt\/motorcycle-mirror-mount\/","og_locale":"cs_CZ","og_type":"article","og_title":"Motorcycle Mirror Mount - OneFive.cz - Prodejce Peak Design","og_description":"Motorcycle Bar Mount","og_url":"https:\/\/www.onefive.cz\/peakdesign\/produkt\/motorcycle-mirror-mount\/","og_site_name":"OneFive.cz - Prodejce Peak Design","article_modified_time":"2026-04-17T03:36:21+00:00","og_image":[{"width":1024,"height":1024,"url":"https:\/\/www.onefive.cz\/peakdesign\/wp-content\/uploads\/2024\/08\/mobile-moto-mirror-l-studio1_1024x1024.jpg","type":"image\/jpeg"}],"twitter_card":"summary_large_image","twitter_misc":{"Odhadovan\u00e1 doba \u010dten\u00ed":"4 minuty"},"schema":{"@context":"https:\/\/schema.org","@graph":[{"@type":"WebPage","@id":"https:\/\/www.onefive.cz\/peakdesign\/produkt\/motorcycle-mirror-mount\/","url":"https:\/\/www.onefive.cz\/peakdesign\/produkt\/motorcycle-mirror-mount\/","name":"Motorcycle Mirror Mount - OneFive.cz - Prodejce Peak Design","isPartOf":{"@id":"https:\/\/www.onefive.cz\/peakdesign\/#website"},"primaryImageOfPage":{"@id":"https:\/\/www.onefive.cz\/peakdesign\/produkt\/motorcycle-mirror-mount\/#primaryimage"},"image":{"@id":"https:\/\/www.onefive.cz\/peakdesign\/produkt\/motorcycle-mirror-mount\/#primaryimage"},"thumbnailUrl":"https:\/\/www.onefive.cz\/peakdesign\/wp-content\/uploads\/2024\/08\/mobile-moto-mirror-l-studio1_1024x1024.jpg","datePublished":"2021-09-14T18:38:49+00:00","dateModified":"2026-04-17T03:36:21+00:00","description":"Motorcycle Bar Mount","breadcrumb":{"@id":"https:\/\/www.onefive.cz\/peakdesign\/produkt\/motorcycle-mirror-mount\/#breadcrumb"},"inLanguage":"cs","potentialAction":[{"@type":"ReadAction","target":["https:\/\/www.onefive.cz\/peakdesign\/produkt\/motorcycle-mirror-mount\/"]}]},{"@type":"ImageObject","inLanguage":"cs","@id":"https:\/\/www.onefive.cz\/peakdesign\/produkt\/motorcycle-mirror-mount\/#primaryimage","url":"https:\/\/www.onefive.cz\/peakdesign\/wp-content\/uploads\/2024\/08\/mobile-moto-mirror-l-studio1_1024x1024.jpg","contentUrl":"https:\/\/www.onefive.cz\/peakdesign\/wp-content\/uploads\/2024\/08\/mobile-moto-mirror-l-studio1_1024x1024.jpg","width":1024,"height":1024},{"@type":"BreadcrumbList","@id":"https:\/\/www.onefive.cz\/peakdesign\/produkt\/motorcycle-mirror-mount\/#breadcrumb","itemListElement":[{"@type":"ListItem","position":1,"name":"Dom\u016f","item":"https:\/\/www.onefive.cz\/peakdesign\/"},{"@type":"ListItem","position":2,"name":"Shop","item":"https:\/\/www.onefive.cz\/peakdesign\/shop\/"},{"@type":"ListItem","position":3,"name":"Motorcycle Mirror Mount"}]},{"@type":"WebSite","@id":"https:\/\/www.onefive.cz\/peakdesign\/#website","url":"https:\/\/www.onefive.cz\/peakdesign\/","name":"OneFive.cz - Prodejce Peak Design","description":"Kryty a dr\u017e\u00e1ky pro telefony, cestovn\u00ed a everyday batohy a ta\u0161ky, organiz\u00e9ry a fotop\u0159\u00edslu\u0161enstv\u00ed. Ultim\u00e1tn\u00ed v\u00fdbava pro ty, kte\u0159\u00ed vy\u017eaduj\u00ed to nejlep\u0161\u00ed.","potentialAction":[{"@type":"SearchAction","target":{"@type":"EntryPoint","urlTemplate":"https:\/\/www.onefive.cz\/peakdesign\/?s={search_term_string}"},"query-input":{"@type":"PropertyValueSpecification","valueRequired":true,"valueName":"search_term_string"}}],"inLanguage":"cs"}]}},"_links":{"self":[{"href":"https:\/\/www.onefive.cz\/peakdesign\/wp-json\/wp\/v2\/product\/115171","targetHints":{"allow":["GET"]}}],"collection":[{"href":"https:\/\/www.onefive.cz\/peakdesign\/wp-json\/wp\/v2\/product"}],"about":[{"href":"https:\/\/www.onefive.cz\/peakdesign\/wp-json\/wp\/v2\/types\/product"}],"wp:featuredmedia":[{"embeddable":true,"href":"https:\/\/www.onefive.cz\/peakdesign\/wp-json\/wp\/v2\/media\/115175"}],"wp:attachment":[{"href":"https:\/\/www.onefive.cz\/peakdesign\/wp-json\/wp\/v2\/media?parent=115171"}],"wp:term":[{"taxonomy":"product_brand","embeddable":true,"href":"https:\/\/www.onefive.cz\/peakdesign\/wp-json\/wp\/v2\/product_brand?post=115171"},{"taxonomy":"product_cat","embeddable":true,"href":"https:\/\/www.onefive.cz\/peakdesign\/wp-json\/wp\/v2\/product_cat?post=115171"},{"taxonomy":"product_tag","embeddable":true,"href":"https:\/\/www.onefive.cz\/peakdesign\/wp-json\/wp\/v2\/product_tag?post=115171"}],"curies":[{"name":"wp","href":"https:\/\/api.w.org\/{rel}","templated":true}]}}