{"id":129327,"date":"2025-11-13T01:32:02","date_gmt":"2025-11-13T00:32:02","guid":{"rendered":"https:\/\/www.onefive.cz\/peakdesign\/?post_type=product&#038;p=129327"},"modified":"2026-04-29T04:36:17","modified_gmt":"2026-04-29T02:36:17","slug":"pro-tripod-tilt-mod-ball-head-video-adapter","status":"publish","type":"product","link":"https:\/\/www.onefive.cz\/peakdesign\/produkt\/pro-tripod-tilt-mod-ball-head-video-adapter\/","title":{"rendered":"Pro Tripod Tilt Mod (Ball Head Video Adapter)"},"content":{"rendered":"<div class='content-column one_half'><h2>Hlavn\u00ed rysy<\/h2>\n<ul style=\"padding-left: 15px;\">\n<li>Okam\u017eit\u011b prom\u011bn\u00ed stativ Peak Design Pro \/ Pro Tall \/ Pro Lite v profesion\u00e1ln\u00ed video stativ<\/li>\n<li>Snadn\u00e9 p\u0159ep\u00edn\u00e1n\u00ed mezi focen\u00edm a videem bez zbyte\u010dn\u00e9 v\u00fdbavy nebo p\u0159eru\u0161ov\u00e1n\u00ed pr\u00e1ce<\/li>\n<li>360\u00b0 fluidn\u00ed panor\u00e1mov\u00e1n\u00ed, 90\u00b0 n\u00e1klon dop\u0159edu a 55\u00b0 dozadu<\/li>\n<li>Dostate\u010dn\u011b kompaktn\u00ed, aby se ve\u0161el do p\u0159ihr\u00e1dky na objektiv ve fotobra\u0161n\u011b<\/li>\n<li>Konstrukce z CNC obr\u00e1b\u011bn\u00e9ho a eloxovan\u00e9ho hlin\u00edku, odoln\u00e1 v\u016f\u010di pov\u011btrnostn\u00edm vliv\u016fm<\/li>\n<li>Fluidn\u00ed tlumen\u00ed n\u00e1klonu pro dokonale plynul\u00fd pohyb v ultra kompaktn\u00edm t\u011ble*<\/li>\n<li>Snadno ovladateln\u00e9 areta\u010dn\u00ed kole\u010dko n\u00e1klonu<\/li>\n<li>Pru\u017einov\u00e9 vyv\u00e1\u017een\u00ed vyrovn\u00e1v\u00e1 hmotnost fotoapar\u00e1tu\/objektivu a zaji\u0161\u0165uje p\u0159esn\u00fd, hladk\u00fd pohyb**<\/li>\n<li>Vysouvac\u00ed hlin\u00edkov\u00e1 rukoje\u0165 s TPU \u00fachopem, nastaviteln\u00e1 13,0\u201336,5 cm<\/li>\n<li>Rukoje\u0165 lze rychle na\u0161roubovat\/od\u0161roubovat a magneticky ulo\u017eit do z\u00e1kladny pro snadn\u00e9 balen\u00ed<\/li>\n<li>Bezpe\u010dn\u00e1 a intuitivn\u00ed p\u00e1\u010dkov\u00e1 svorka pro uchycen\u00ed fotoapar\u00e1tu<\/li>\n<li>Kompatibiln\u00ed se v\u0161emi stativov\u00fdmi desti\u010dkami Peak Design a v\u011bt\u0161inou desti\u010dek typu Arca**<\/li>\n<li>Odn\u00edmateln\u00e9 bezpe\u010dnostn\u00ed kol\u00ed\u010dky pro pou\u017eit\u00ed s del\u0161\u00edmi desti\u010dkami typu Arca<\/li>\n<li>Nosnost 4,5 kg (10 lb) \u2013 poskytuje profesion\u00e1ln\u00ed stabilitu pro mirrorless a DSLR video sestavy**** Mechanismy fluidn\u00edho tlumen\u00ed a vyv\u00e1\u017een\u00ed jsou pevn\u011b nastaven\u00e9 (nejsou nastaviteln\u00e9), aby byl Tilt Mod co nejmen\u0161\u00ed a nejleh\u010d\u00ed.<br \/>\n** Nen\u00ed ur\u010den pro p\u0159\u00edm\u00e9 pou\u017eit\u00ed s L-bracket. Pokud chce\u0161 Tilt Mod pou\u017e\u00edvat s L-bracket, doporu\u010dujeme p\u0159ipevnit stativovou desti\u010dku Peak Design na jeho spodn\u00ed stranu.<br \/>\n*** Pro v\u011bt\u0161\u00ed video sestavy doporu\u010dujeme pou\u017e\u00edt <a href=\"https:\/\/www.onefive.cz\/peakdesign\/produkt\/pro-tripod-pro-leveling-base\/\">Pro Leveling Base<\/a> + dedikovanou video hlavu t\u0159et\u00ed strany.<\/li>\n<\/ul><\/div>\n<div class='content-column one_half last_column'><h2>Video<\/h2>\n<p><iframe loading=\"lazy\" title=\"Complete Guide to Peak Design Tripods\" width=\"500\" height=\"281\" src=\"https:\/\/www.youtube.com\/embed\/U8GfxSpwVUE?feature=oembed&enablejsapi=1&origin=https:\/\/www.onefive.cz\" frameborder=\"0\" allow=\"accelerometer; autoplay; clipboard-write; encrypted-media; gyroscope; picture-in-picture; web-share\" referrerpolicy=\"strict-origin-when-cross-origin\" allowfullscreen><\/iframe><\/p>\n<h2 style=\"padding-top: 15px;\">Specifikace<\/h2>\n<p><strong>Rozm\u011bry<\/strong> (slo\u017een\u00fd stav): 13,5 \u00d7 8,2 \u00d7 5,5 cm<\/p>\n<p><strong>V\u00fd\u0161ka sestavy<\/strong> (p\u0159i nasazen\u00ed): 5,6 cm<br \/>\n(vzd\u00e1lenost od horn\u00ed \u010d\u00e1sti stativu k horn\u00ed hran\u011b Tilt Mod v nejni\u017e\u0161\u00ed poloze)<\/p>\n<p><strong>D\u00e9lka rukojeti<\/strong> (min\/max p\u0159i nasazen\u00ed): 13,0\u201336,5 cm<\/p>\n<p><strong>Hmotnost<\/strong> (v\u010detn\u011b rukojeti): 430 g (0,95 lb)<\/p>\n<p><strong>Nosnost<\/strong>: 4,5 kg (10 lb) \u2013 optimalizov\u00e1no pro video sestavy typu mirrorless\/DSLR<\/p>\n<p><strong>Materi\u00e1ly<\/strong>:<\/p>\n<ul style=\"padding-left: 15px;\">\n<li>CNC-obr\u00e1b\u011bn\u00fd a eloxovan\u00fd recyklovan\u00fd hlin\u00edk<\/li>\n<li>Nerezov\u00e1 ocel (kov\u00e1n\u00ed)<\/li>\n<li>Vysokoteplotn\u00ed neodymov\u00e9 magnety pro uchycen\u00ed<\/li>\n<li>TPU \u00fachop rukojeti<\/li>\n<\/ul>\n<p><strong>Z\u00e1ruka<\/strong>: Do\u017eivotn\u00ed<\/p>\n<h2>Obsah balen\u00ed<\/h2>\n<ul style=\"padding-left: 15px; padding-bottom: 15px;\">\n<li>1. 1\u00d7 Tilt Mod s odn\u00edmatelnou rukojet\u00ed<\/li>\n<li>2. 1\u00d7 mikrovl\u00e1knov\u00e9 pouzdro (stejn\u00e9 jako u popruhu Slide)<\/li>\n<\/ul><\/div><div class='clear_column'><\/div>\n","protected":false},"excerpt":{"rendered":"<p class=\"p1\">Video adapt\u00e9r pro stativy Pro \/ Pro Tall \/ Pro Lite<\/p>\n<p>Tilt Mod okam\u017eit\u011b prom\u011bn\u00ed kulovou hlavu tv\u00e9ho stativu Peak Design <a href=\"https:\/\/www.onefive.cz\/peakdesign\/produkt\/pro-tripod\/\">Pro<\/a>, <a href=\"https:\/\/www.onefive.cz\/peakdesign\/produkt\/pro-tall-tripod\/\">Pro Tall<\/a> nebo <a href=\"https:\/\/www.onefive.cz\/peakdesign\/produkt\/pro-lite-tripod\/\">Pro Lite<\/a> v plnohodnotnou fluidn\u00ed video hlavu s plynul\u00fdm panem i n\u00e1klonem, ide\u00e1ln\u00ed pro dokonale plynul\u00e9 profesion\u00e1ln\u00ed video. A to v\u0161e pomoc\u00ed p\u0159\u00edslu\u0161enstv\u00ed tak kompaktn\u00edho, \u017ee se pohodln\u011b vejde do jedn\u00e9 p\u0159ihr\u00e1dky na objektiv ve fotobra\u0161n\u011b.<\/p>\n","protected":false},"featured_media":129342,"template":"","meta":[],"product_brand":[],"product_cat":[18],"product_tag":[],"class_list":{"0":"post-129327","1":"product","2":"type-product","3":"status-publish","4":"has-post-thumbnail","6":"product_cat-uncategorized","8":"first","9":"instock","10":"taxable","11":"shipping-taxable","12":"purchasable","13":"product-type-simple"},"yoast_head":"<!-- This site is optimized with the Yoast SEO plugin v27.5 - https:\/\/yoast.com\/product\/yoast-seo-wordpress\/ -->\n<title>Pro Tripod Tilt Mod (Ball Head Video Adapter) - OneFive.cz - Prodejce Peak Design<\/title>\n<meta name=\"description\" content=\"Peak Design Pro Tripod Tilt Mod (Ball Head Video Adapter)\" \/>\n<meta name=\"robots\" content=\"index, follow, max-snippet:-1, max-image-preview:large, max-video-preview:-1\" \/>\n<link rel=\"canonical\" href=\"https:\/\/www.onefive.cz\/peakdesign\/produkt\/pro-tripod-tilt-mod-ball-head-video-adapter\/\" \/>\n<meta property=\"og:locale\" content=\"cs_CZ\" \/>\n<meta property=\"og:type\" content=\"article\" \/>\n<meta property=\"og:title\" content=\"Pro Tripod Tilt Mod (Ball Head Video Adapter) - OneFive.cz - Prodejce Peak Design\" \/>\n<meta property=\"og:description\" content=\"Peak Design Pro Tripod Tilt Mod (Ball Head Video Adapter)\" \/>\n<meta property=\"og:url\" content=\"https:\/\/www.onefive.cz\/peakdesign\/produkt\/pro-tripod-tilt-mod-ball-head-video-adapter\/\" \/>\n<meta property=\"og:site_name\" content=\"OneFive.cz - Prodejce Peak Design\" \/>\n<meta property=\"article:modified_time\" content=\"2026-04-29T02:36:17+00:00\" \/>\n<meta property=\"og:image\" content=\"https:\/\/www.onefive.cz\/peakdesign\/wp-content\/uploads\/2025\/11\/Accessories-Packaging-Renders-Export.544.jpg\" \/>\n\t<meta property=\"og:image:width\" content=\"1280\" \/>\n\t<meta property=\"og:image:height\" content=\"1280\" \/>\n\t<meta property=\"og:image:type\" content=\"image\/jpeg\" \/>\n<meta name=\"twitter:card\" content=\"summary_large_image\" \/>\n<meta name=\"twitter:label1\" content=\"Odhadovan\u00e1 doba \u010dten\u00ed\" \/>\n\t<meta name=\"twitter:data1\" content=\"2 minuty\" \/>\n<script type=\"application\/ld+json\" class=\"yoast-schema-graph\">{\"@context\":\"https:\\\/\\\/schema.org\",\"@graph\":[{\"@type\":\"WebPage\",\"@id\":\"https:\\\/\\\/www.onefive.cz\\\/peakdesign\\\/produkt\\\/pro-tripod-tilt-mod-ball-head-video-adapter\\\/\",\"url\":\"https:\\\/\\\/www.onefive.cz\\\/peakdesign\\\/produkt\\\/pro-tripod-tilt-mod-ball-head-video-adapter\\\/\",\"name\":\"Pro Tripod Tilt Mod (Ball Head Video Adapter) - OneFive.cz - Prodejce Peak Design\",\"isPartOf\":{\"@id\":\"https:\\\/\\\/www.onefive.cz\\\/peakdesign\\\/#website\"},\"primaryImageOfPage\":{\"@id\":\"https:\\\/\\\/www.onefive.cz\\\/peakdesign\\\/produkt\\\/pro-tripod-tilt-mod-ball-head-video-adapter\\\/#primaryimage\"},\"image\":{\"@id\":\"https:\\\/\\\/www.onefive.cz\\\/peakdesign\\\/produkt\\\/pro-tripod-tilt-mod-ball-head-video-adapter\\\/#primaryimage\"},\"thumbnailUrl\":\"https:\\\/\\\/www.onefive.cz\\\/peakdesign\\\/wp-content\\\/uploads\\\/2025\\\/11\\\/Accessories-Packaging-Renders-Export.544.jpg\",\"datePublished\":\"2025-11-13T00:32:02+00:00\",\"dateModified\":\"2026-04-29T02:36:17+00:00\",\"description\":\"Peak Design Pro Tripod Tilt Mod (Ball Head Video Adapter)\",\"breadcrumb\":{\"@id\":\"https:\\\/\\\/www.onefive.cz\\\/peakdesign\\\/produkt\\\/pro-tripod-tilt-mod-ball-head-video-adapter\\\/#breadcrumb\"},\"inLanguage\":\"cs\",\"potentialAction\":[{\"@type\":\"ReadAction\",\"target\":[\"https:\\\/\\\/www.onefive.cz\\\/peakdesign\\\/produkt\\\/pro-tripod-tilt-mod-ball-head-video-adapter\\\/\"]}]},{\"@type\":\"ImageObject\",\"inLanguage\":\"cs\",\"@id\":\"https:\\\/\\\/www.onefive.cz\\\/peakdesign\\\/produkt\\\/pro-tripod-tilt-mod-ball-head-video-adapter\\\/#primaryimage\",\"url\":\"https:\\\/\\\/www.onefive.cz\\\/peakdesign\\\/wp-content\\\/uploads\\\/2025\\\/11\\\/Accessories-Packaging-Renders-Export.544.jpg\",\"contentUrl\":\"https:\\\/\\\/www.onefive.cz\\\/peakdesign\\\/wp-content\\\/uploads\\\/2025\\\/11\\\/Accessories-Packaging-Renders-Export.544.jpg\",\"width\":1280,\"height\":1280},{\"@type\":\"BreadcrumbList\",\"@id\":\"https:\\\/\\\/www.onefive.cz\\\/peakdesign\\\/produkt\\\/pro-tripod-tilt-mod-ball-head-video-adapter\\\/#breadcrumb\",\"itemListElement\":[{\"@type\":\"ListItem\",\"position\":1,\"name\":\"Dom\u016f\",\"item\":\"https:\\\/\\\/www.onefive.cz\\\/peakdesign\\\/\"},{\"@type\":\"ListItem\",\"position\":2,\"name\":\"Shop\",\"item\":\"https:\\\/\\\/www.onefive.cz\\\/peakdesign\\\/shop\\\/\"},{\"@type\":\"ListItem\",\"position\":3,\"name\":\"Pro Tripod Tilt Mod (Ball Head Video Adapter)\"}]},{\"@type\":\"WebSite\",\"@id\":\"https:\\\/\\\/www.onefive.cz\\\/peakdesign\\\/#website\",\"url\":\"https:\\\/\\\/www.onefive.cz\\\/peakdesign\\\/\",\"name\":\"OneFive.cz - Prodejce Peak Design\",\"description\":\"Kryty a dr\u017e\u00e1ky pro telefony, cestovn\u00ed a everyday batohy a ta\u0161ky, organiz\u00e9ry a fotop\u0159\u00edslu\u0161enstv\u00ed. Ultim\u00e1tn\u00ed v\u00fdbava pro ty, kte\u0159\u00ed vy\u017eaduj\u00ed to nejlep\u0161\u00ed.\",\"potentialAction\":[{\"@type\":\"SearchAction\",\"target\":{\"@type\":\"EntryPoint\",\"urlTemplate\":\"https:\\\/\\\/www.onefive.cz\\\/peakdesign\\\/?s={search_term_string}\"},\"query-input\":{\"@type\":\"PropertyValueSpecification\",\"valueRequired\":true,\"valueName\":\"search_term_string\"}}],\"inLanguage\":\"cs\"}]}<\/script>\n<!-- \/ Yoast SEO plugin. -->","yoast_head_json":{"title":"Pro Tripod Tilt Mod (Ball Head Video Adapter) - OneFive.cz - Prodejce Peak Design","description":"Peak Design Pro Tripod Tilt Mod (Ball Head Video Adapter)","robots":{"index":"index","follow":"follow","max-snippet":"max-snippet:-1","max-image-preview":"max-image-preview:large","max-video-preview":"max-video-preview:-1"},"canonical":"https:\/\/www.onefive.cz\/peakdesign\/produkt\/pro-tripod-tilt-mod-ball-head-video-adapter\/","og_locale":"cs_CZ","og_type":"article","og_title":"Pro Tripod Tilt Mod (Ball Head Video Adapter) - OneFive.cz - Prodejce Peak Design","og_description":"Peak Design Pro Tripod Tilt Mod (Ball Head Video Adapter)","og_url":"https:\/\/www.onefive.cz\/peakdesign\/produkt\/pro-tripod-tilt-mod-ball-head-video-adapter\/","og_site_name":"OneFive.cz - Prodejce Peak Design","article_modified_time":"2026-04-29T02:36:17+00:00","og_image":[{"width":1280,"height":1280,"url":"https:\/\/www.onefive.cz\/peakdesign\/wp-content\/uploads\/2025\/11\/Accessories-Packaging-Renders-Export.544.jpg","type":"image\/jpeg"}],"twitter_card":"summary_large_image","twitter_misc":{"Odhadovan\u00e1 doba \u010dten\u00ed":"2 minuty"},"schema":{"@context":"https:\/\/schema.org","@graph":[{"@type":"WebPage","@id":"https:\/\/www.onefive.cz\/peakdesign\/produkt\/pro-tripod-tilt-mod-ball-head-video-adapter\/","url":"https:\/\/www.onefive.cz\/peakdesign\/produkt\/pro-tripod-tilt-mod-ball-head-video-adapter\/","name":"Pro Tripod Tilt Mod (Ball Head Video Adapter) - OneFive.cz - Prodejce Peak Design","isPartOf":{"@id":"https:\/\/www.onefive.cz\/peakdesign\/#website"},"primaryImageOfPage":{"@id":"https:\/\/www.onefive.cz\/peakdesign\/produkt\/pro-tripod-tilt-mod-ball-head-video-adapter\/#primaryimage"},"image":{"@id":"https:\/\/www.onefive.cz\/peakdesign\/produkt\/pro-tripod-tilt-mod-ball-head-video-adapter\/#primaryimage"},"thumbnailUrl":"https:\/\/www.onefive.cz\/peakdesign\/wp-content\/uploads\/2025\/11\/Accessories-Packaging-Renders-Export.544.jpg","datePublished":"2025-11-13T00:32:02+00:00","dateModified":"2026-04-29T02:36:17+00:00","description":"Peak Design Pro Tripod Tilt Mod (Ball Head Video Adapter)","breadcrumb":{"@id":"https:\/\/www.onefive.cz\/peakdesign\/produkt\/pro-tripod-tilt-mod-ball-head-video-adapter\/#breadcrumb"},"inLanguage":"cs","potentialAction":[{"@type":"ReadAction","target":["https:\/\/www.onefive.cz\/peakdesign\/produkt\/pro-tripod-tilt-mod-ball-head-video-adapter\/"]}]},{"@type":"ImageObject","inLanguage":"cs","@id":"https:\/\/www.onefive.cz\/peakdesign\/produkt\/pro-tripod-tilt-mod-ball-head-video-adapter\/#primaryimage","url":"https:\/\/www.onefive.cz\/peakdesign\/wp-content\/uploads\/2025\/11\/Accessories-Packaging-Renders-Export.544.jpg","contentUrl":"https:\/\/www.onefive.cz\/peakdesign\/wp-content\/uploads\/2025\/11\/Accessories-Packaging-Renders-Export.544.jpg","width":1280,"height":1280},{"@type":"BreadcrumbList","@id":"https:\/\/www.onefive.cz\/peakdesign\/produkt\/pro-tripod-tilt-mod-ball-head-video-adapter\/#breadcrumb","itemListElement":[{"@type":"ListItem","position":1,"name":"Dom\u016f","item":"https:\/\/www.onefive.cz\/peakdesign\/"},{"@type":"ListItem","position":2,"name":"Shop","item":"https:\/\/www.onefive.cz\/peakdesign\/shop\/"},{"@type":"ListItem","position":3,"name":"Pro Tripod Tilt Mod (Ball Head Video Adapter)"}]},{"@type":"WebSite","@id":"https:\/\/www.onefive.cz\/peakdesign\/#website","url":"https:\/\/www.onefive.cz\/peakdesign\/","name":"OneFive.cz - Prodejce Peak Design","description":"Kryty a dr\u017e\u00e1ky pro telefony, cestovn\u00ed a everyday batohy a ta\u0161ky, organiz\u00e9ry a fotop\u0159\u00edslu\u0161enstv\u00ed. Ultim\u00e1tn\u00ed v\u00fdbava pro ty, kte\u0159\u00ed vy\u017eaduj\u00ed to nejlep\u0161\u00ed.","potentialAction":[{"@type":"SearchAction","target":{"@type":"EntryPoint","urlTemplate":"https:\/\/www.onefive.cz\/peakdesign\/?s={search_term_string}"},"query-input":{"@type":"PropertyValueSpecification","valueRequired":true,"valueName":"search_term_string"}}],"inLanguage":"cs"}]}},"_links":{"self":[{"href":"https:\/\/www.onefive.cz\/peakdesign\/wp-json\/wp\/v2\/product\/129327","targetHints":{"allow":["GET"]}}],"collection":[{"href":"https:\/\/www.onefive.cz\/peakdesign\/wp-json\/wp\/v2\/product"}],"about":[{"href":"https:\/\/www.onefive.cz\/peakdesign\/wp-json\/wp\/v2\/types\/product"}],"wp:featuredmedia":[{"embeddable":true,"href":"https:\/\/www.onefive.cz\/peakdesign\/wp-json\/wp\/v2\/media\/129342"}],"wp:attachment":[{"href":"https:\/\/www.onefive.cz\/peakdesign\/wp-json\/wp\/v2\/media?parent=129327"}],"wp:term":[{"taxonomy":"product_brand","embeddable":true,"href":"https:\/\/www.onefive.cz\/peakdesign\/wp-json\/wp\/v2\/product_brand?post=129327"},{"taxonomy":"product_cat","embeddable":true,"href":"https:\/\/www.onefive.cz\/peakdesign\/wp-json\/wp\/v2\/product_cat?post=129327"},{"taxonomy":"product_tag","embeddable":true,"href":"https:\/\/www.onefive.cz\/peakdesign\/wp-json\/wp\/v2\/product_tag?post=129327"}],"curies":[{"name":"wp","href":"https:\/\/api.w.org\/{rel}","templated":true}]}}