{"id":2511,"date":"2014-11-28T10:23:42","date_gmt":"2014-11-28T10:23:42","guid":{"rendered":"https:\/\/www.peak-design.cz\/?post_type=product&#038;p=2511"},"modified":"2026-04-17T07:06:21","modified_gmt":"2026-04-17T05:06:21","slug":"sada-4-kotvicek-anchor","status":"publish","type":"product","link":"https:\/\/www.onefive.cz\/peakdesign\/produkt\/sada-4-kotvicek-anchor\/","title":{"rendered":"Sada 4 kotvi\u010dek Anchor"},"content":{"rendered":"<div class='content-column one_half'><h2>Hlavn\u00ed rysy<\/h2>\n<p><img decoding=\"async\" class=\"alignnone size-full\" src=\"https:\/\/www.peakdesign.cz\/wp-content\/uploads\/2014\/11\/4-PK-AN3-anchors4pack.jpg\" alt=\"\" width=\"450\" \/><\/p>\n<p><strong>NEJEN PRO V\u0160ECHNY VA\u0160E FOTOAPAR\u00c1TY<\/strong><\/p>\n<ul style=\"padding-left: 15px; padding-bottom: 15px;\">\n<li>S v\u00edce kotvi\u010dkami budete moci popruhy Peak Design pou\u017e\u00edvat s v\u00edce fotoapar\u00e1ty. Ale t\u00edm to nekon\u010d\u00ed. P\u0159ipevn\u011bte kotvi\u010dky na na dalekohledy, d\u00e1lkom\u011bry, stativy, kompasy, l\u00e1hve na vodu a dal\u0161\u00ed. S popruhy Peak Design budou v\u0161echny tyto v\u011bci po ruce a v bezpe\u010d\u00ed.<\/li>\n<\/ul>\n<p><strong>KOMPLETN\u011a P\u0158EPRACOVAN\u00dd<\/strong><\/p>\n<ul style=\"padding-left: 15px; padding-bottom: 15px;\">\n<li><b>Nov\u00fd tvar kotvi\u010dky<\/b> Zkosen\u00e1 kotvi\u010dka umo\u017e\u0148uje velmi jednoduch\u00e9 zalo\u017een\u00ed a zacvaknut\u00ed jednou rukou.<\/li>\n<\/ul>\n<p><strong>NEJRYCHLEJ\u0160\u00cd A NEJMEN\u0160\u00cd<\/strong><\/p>\n<ul style=\"padding-left: 15px; padding-bottom: 15px;\">\n<li><b>Zacvaknut\u00ed a vycvaknut\u00ed<\/b> Chcete popruh? Zacvakni kotvi\u010dku. Nechce\u0161 popruh? Vycvakni. S tr\u00e1pen\u00edm se s provl\u00e9k\u00e1n\u00edm koncovek tradi\u010dn\u00edch popruh\u016f je konec. S v\u00edce kotvi\u010dkami se tohoto tr\u00e1pen\u00ed zbav\u00edte i u dal\u0161\u00edch fotoapar\u00e1t\u016f a jin\u00e9 v\u00fdbavy.<\/li>\n<li><b>Miniaturn\u00ed <\/b> Lehounk\u00e9 hlavi\u010dky kotvi\u010dek z tvrzen\u00e9ho termoplastu Delrin jsou men\u0161\u00ed ne\u017e nejmen\u0161\u00ed mince, nijak nezv\u011bt\u0161uj\u00ed fotoapar\u00e1t a nikdy nepo\u0161kr\u00e1bou t\u011blo fotoapar\u00e1tu. V porovn\u00e1n\u00ed s jin\u00fdmi rychloup\u00ednac\u00ed syst\u00e9my, kter\u00e9 vyu\u017e\u00edvaj\u00ed p\u0159ezky z nylonu, jsou opravdu miniaturn\u00ed.<\/li>\n<\/ul>\n<p><strong>BEZPE\u010cN\u00c9 A UNIVERZ\u00c1LN\u00cd<\/strong><\/p>\n<ul style=\"padding-left: 15px; padding-bottom: 15px;\">\n<li><strong>Extr\u00e9mn\u011b pevn\u00e9<\/strong> S nosnost\u00ed minim\u00e1ln\u011b 90kg jsou vhodn\u00e9 pro jakkoliv t\u011b\u017ekou foto v\u00fdbavu. Speci\u00e1ln\u00ed materi\u00e1l a \u00faplet zaji\u0161\u0165uj\u00ed vynikaj\u00edc\u00ed odolnost proti opot\u0159eben\u00ed.<\/li>\n<li><strong>Kompatibiln\u00ed se PD v\u00fdbavou<\/strong> Kotvi\u010dky lze pou\u017e\u00edt se v\u0161emi Peak Design popruhy, kapsami () a poj\u00edtky na kl\u00ed\u010de na na\u0161ich batoz\u00edch. Kotvi\u010dku lze tak\u00e9 p\u0159ipevnit k v\u0161em stativov\u00fdm desti\u010dk\u00e1m Peak Design.<\/li>\n<\/ul><\/div>\n<div class='content-column one_half last_column'><h2>Specifikace<\/h2>\n<ul style=\"padding-left: 15px; padding-bottom: 15px;\">\n<li><strong>Objednac\u00ed k\u00f3d<\/strong>: 4PK-AN-4 (standard), 4PK-AN-BK-4 (Black)<\/li>\n<li><strong>Hmotnost<\/strong>: jedna kotvi\u010dka 2 g (32 g balen\u00ed)<\/li>\n<li><strong>Velikost<\/strong>: pr\u016fm\u011br hlavi\u010dky: 17 mm, d\u00e9lka smy\u010dky kotvi\u010dky: 43 mm<\/li>\n<li><strong>Materi\u00e1l<\/strong>: dvouvrstv\u00fd opot\u0159eben\u00ed odoln\u00fd \u00faplet z materi\u00e1lu Dyneema, tvrzen\u00fd termoplast Delrin.<\/li>\n<li><strong>Nosnost<\/strong>: nosnost ka\u017ed\u00e9 kotvi\u010dky Anchor se smy\u010dkou z materi\u00e1lu Dyneema\u00ae je minim\u00e1ln\u011b 90kg.<\/li>\n<li><strong>Z\u00e1ruka<\/strong>: Do\u017eivotn\u00ed<\/li>\n<\/ul>\n<h2>Obsah balen\u00ed<\/h2>\n<ul>\n<li>1. 4 Dyneema kotvi\u010dky Anchor (4. generace, Dyneema\u00ae o\u010dko)<\/li>\n<li>2. Instala\u010dn\u00ed sada a 2 ovaln\u00e9 O-krou\u017eky<\/li>\n<\/ul><\/div><div class='clear_column'><\/div>\n","protected":false},"excerpt":{"rendered":"<p>N\u00e1hradn\u00ed kotvi\u010dky pro dal\u0161\u00ed fotoapar\u00e1ty a jinou v\u00fdbavu.<\/p>\n<p>Sada 4 vylep\u0161en\u00fdch kotvi\u010dek Anchor pro pou\u017eit\u00ed s libovoln\u00fdm Peak Design popruhem. S kotvi\u010dkami nav\u00edc m\u016f\u017eete na\u0161e popruhy pou\u017e\u00edt s druh\u00fdm fotoapar\u00e1tem, ak\u010dn\u00ed kamerou, dalekohledem, kompasem, kl\u00ed\u010di, l\u00e1hv\u00ed na vodu atd.<\/p>\n","protected":false},"featured_media":132552,"template":"","meta":[],"product_brand":[],"product_cat":[18],"product_tag":[],"class_list":{"0":"post-2511","1":"product","2":"type-product","3":"status-publish","4":"has-post-thumbnail","6":"product_cat-uncategorized","8":"first","9":"instock","10":"taxable","11":"shipping-taxable","12":"purchasable","13":"product-type-variable"},"yoast_head":"<!-- This site is optimized with the Yoast SEO plugin v27.4 - https:\/\/yoast.com\/product\/yoast-seo-wordpress\/ -->\n<title>Sada 4 kotvi\u010dek Anchor - OneFive.cz - Prodejce Peak Design<\/title>\n<meta name=\"robots\" content=\"index, follow, max-snippet:-1, max-image-preview:large, max-video-preview:-1\" \/>\n<link rel=\"canonical\" href=\"https:\/\/www.onefive.cz\/peakdesign\/produkt\/sada-4-kotvicek-anchor\/\" \/>\n<meta property=\"og:locale\" content=\"cs_CZ\" \/>\n<meta property=\"og:type\" content=\"article\" \/>\n<meta property=\"og:title\" content=\"Sada 4 kotvi\u010dek Anchor - OneFive.cz - Prodejce Peak Design\" \/>\n<meta property=\"og:description\" content=\"N\u00e1hradn\u00ed kotvi\u010dky pro dal\u0161\u00ed fotoapar\u00e1ty a jinou v\u00fdbavu.  Sada 4 vylep\u0161en\u00fdch kotvi\u010dek Anchor pro pou\u017eit\u00ed s libovoln\u00fdm Peak Design popruhem. S kotvi\u010dkami nav\u00edc m\u016f\u017eete na\u0161e popruhy pou\u017e\u00edt s druh\u00fdm fotoapar\u00e1tem, ak\u010dn\u00ed kamerou, dalekohledem, kompasem, kl\u00ed\u010di, l\u00e1hv\u00ed na vodu atd.\" \/>\n<meta property=\"og:url\" content=\"https:\/\/www.onefive.cz\/peakdesign\/produkt\/sada-4-kotvicek-anchor\/\" \/>\n<meta property=\"og:site_name\" content=\"OneFive.cz - Prodejce Peak Design\" \/>\n<meta property=\"article:modified_time\" content=\"2026-04-17T05:06:21+00:00\" \/>\n<meta property=\"og:image\" content=\"https:\/\/www.onefive.cz\/peakdesign\/wp-content\/uploads\/2014\/11\/4pk-hero.jpg\" \/>\n\t<meta property=\"og:image:width\" content=\"1024\" \/>\n\t<meta property=\"og:image:height\" content=\"1024\" \/>\n\t<meta property=\"og:image:type\" content=\"image\/jpeg\" \/>\n<meta name=\"twitter:card\" content=\"summary_large_image\" \/>\n<meta name=\"twitter:label1\" content=\"Odhadovan\u00e1 doba \u010dten\u00ed\" \/>\n\t<meta name=\"twitter:data1\" content=\"2 minuty\" \/>\n<script type=\"application\/ld+json\" class=\"yoast-schema-graph\">{\"@context\":\"https:\\\/\\\/schema.org\",\"@graph\":[{\"@type\":\"WebPage\",\"@id\":\"https:\\\/\\\/www.onefive.cz\\\/peakdesign\\\/produkt\\\/sada-4-kotvicek-anchor\\\/\",\"url\":\"https:\\\/\\\/www.onefive.cz\\\/peakdesign\\\/produkt\\\/sada-4-kotvicek-anchor\\\/\",\"name\":\"Sada 4 kotvi\u010dek Anchor - OneFive.cz - Prodejce Peak Design\",\"isPartOf\":{\"@id\":\"https:\\\/\\\/www.onefive.cz\\\/peakdesign\\\/#website\"},\"primaryImageOfPage\":{\"@id\":\"https:\\\/\\\/www.onefive.cz\\\/peakdesign\\\/produkt\\\/sada-4-kotvicek-anchor\\\/#primaryimage\"},\"image\":{\"@id\":\"https:\\\/\\\/www.onefive.cz\\\/peakdesign\\\/produkt\\\/sada-4-kotvicek-anchor\\\/#primaryimage\"},\"thumbnailUrl\":\"https:\\\/\\\/www.onefive.cz\\\/peakdesign\\\/wp-content\\\/uploads\\\/2014\\\/11\\\/4pk-hero.jpg\",\"datePublished\":\"2014-11-28T10:23:42+00:00\",\"dateModified\":\"2026-04-17T05:06:21+00:00\",\"breadcrumb\":{\"@id\":\"https:\\\/\\\/www.onefive.cz\\\/peakdesign\\\/produkt\\\/sada-4-kotvicek-anchor\\\/#breadcrumb\"},\"inLanguage\":\"cs\",\"potentialAction\":[{\"@type\":\"ReadAction\",\"target\":[\"https:\\\/\\\/www.onefive.cz\\\/peakdesign\\\/produkt\\\/sada-4-kotvicek-anchor\\\/\"]}]},{\"@type\":\"ImageObject\",\"inLanguage\":\"cs\",\"@id\":\"https:\\\/\\\/www.onefive.cz\\\/peakdesign\\\/produkt\\\/sada-4-kotvicek-anchor\\\/#primaryimage\",\"url\":\"https:\\\/\\\/www.onefive.cz\\\/peakdesign\\\/wp-content\\\/uploads\\\/2014\\\/11\\\/4pk-hero.jpg\",\"contentUrl\":\"https:\\\/\\\/www.onefive.cz\\\/peakdesign\\\/wp-content\\\/uploads\\\/2014\\\/11\\\/4pk-hero.jpg\",\"width\":1024,\"height\":1024},{\"@type\":\"BreadcrumbList\",\"@id\":\"https:\\\/\\\/www.onefive.cz\\\/peakdesign\\\/produkt\\\/sada-4-kotvicek-anchor\\\/#breadcrumb\",\"itemListElement\":[{\"@type\":\"ListItem\",\"position\":1,\"name\":\"Dom\u016f\",\"item\":\"https:\\\/\\\/www.onefive.cz\\\/peakdesign\\\/\"},{\"@type\":\"ListItem\",\"position\":2,\"name\":\"Shop\",\"item\":\"https:\\\/\\\/www.onefive.cz\\\/peakdesign\\\/shop\\\/\"},{\"@type\":\"ListItem\",\"position\":3,\"name\":\"Sada 4 kotvi\u010dek Anchor\"}]},{\"@type\":\"WebSite\",\"@id\":\"https:\\\/\\\/www.onefive.cz\\\/peakdesign\\\/#website\",\"url\":\"https:\\\/\\\/www.onefive.cz\\\/peakdesign\\\/\",\"name\":\"OneFive.cz - Prodejce Peak Design\",\"description\":\"Kryty a dr\u017e\u00e1ky pro telefony, cestovn\u00ed a everyday batohy a ta\u0161ky, organiz\u00e9ry a fotop\u0159\u00edslu\u0161enstv\u00ed. Ultim\u00e1tn\u00ed v\u00fdbava pro ty, kte\u0159\u00ed vy\u017eaduj\u00ed to nejlep\u0161\u00ed.\",\"potentialAction\":[{\"@type\":\"SearchAction\",\"target\":{\"@type\":\"EntryPoint\",\"urlTemplate\":\"https:\\\/\\\/www.onefive.cz\\\/peakdesign\\\/?s={search_term_string}\"},\"query-input\":{\"@type\":\"PropertyValueSpecification\",\"valueRequired\":true,\"valueName\":\"search_term_string\"}}],\"inLanguage\":\"cs\"}]}<\/script>\n<!-- \/ Yoast SEO plugin. -->","yoast_head_json":{"title":"Sada 4 kotvi\u010dek Anchor - OneFive.cz - Prodejce Peak Design","robots":{"index":"index","follow":"follow","max-snippet":"max-snippet:-1","max-image-preview":"max-image-preview:large","max-video-preview":"max-video-preview:-1"},"canonical":"https:\/\/www.onefive.cz\/peakdesign\/produkt\/sada-4-kotvicek-anchor\/","og_locale":"cs_CZ","og_type":"article","og_title":"Sada 4 kotvi\u010dek Anchor - OneFive.cz - Prodejce Peak Design","og_description":"N\u00e1hradn\u00ed kotvi\u010dky pro dal\u0161\u00ed fotoapar\u00e1ty a jinou v\u00fdbavu.  Sada 4 vylep\u0161en\u00fdch kotvi\u010dek Anchor pro pou\u017eit\u00ed s libovoln\u00fdm Peak Design popruhem. S kotvi\u010dkami nav\u00edc m\u016f\u017eete na\u0161e popruhy pou\u017e\u00edt s druh\u00fdm fotoapar\u00e1tem, ak\u010dn\u00ed kamerou, dalekohledem, kompasem, kl\u00ed\u010di, l\u00e1hv\u00ed na vodu atd.","og_url":"https:\/\/www.onefive.cz\/peakdesign\/produkt\/sada-4-kotvicek-anchor\/","og_site_name":"OneFive.cz - Prodejce Peak Design","article_modified_time":"2026-04-17T05:06:21+00:00","og_image":[{"width":1024,"height":1024,"url":"https:\/\/www.onefive.cz\/peakdesign\/wp-content\/uploads\/2014\/11\/4pk-hero.jpg","type":"image\/jpeg"}],"twitter_card":"summary_large_image","twitter_misc":{"Odhadovan\u00e1 doba \u010dten\u00ed":"2 minuty"},"schema":{"@context":"https:\/\/schema.org","@graph":[{"@type":"WebPage","@id":"https:\/\/www.onefive.cz\/peakdesign\/produkt\/sada-4-kotvicek-anchor\/","url":"https:\/\/www.onefive.cz\/peakdesign\/produkt\/sada-4-kotvicek-anchor\/","name":"Sada 4 kotvi\u010dek Anchor - OneFive.cz - Prodejce Peak Design","isPartOf":{"@id":"https:\/\/www.onefive.cz\/peakdesign\/#website"},"primaryImageOfPage":{"@id":"https:\/\/www.onefive.cz\/peakdesign\/produkt\/sada-4-kotvicek-anchor\/#primaryimage"},"image":{"@id":"https:\/\/www.onefive.cz\/peakdesign\/produkt\/sada-4-kotvicek-anchor\/#primaryimage"},"thumbnailUrl":"https:\/\/www.onefive.cz\/peakdesign\/wp-content\/uploads\/2014\/11\/4pk-hero.jpg","datePublished":"2014-11-28T10:23:42+00:00","dateModified":"2026-04-17T05:06:21+00:00","breadcrumb":{"@id":"https:\/\/www.onefive.cz\/peakdesign\/produkt\/sada-4-kotvicek-anchor\/#breadcrumb"},"inLanguage":"cs","potentialAction":[{"@type":"ReadAction","target":["https:\/\/www.onefive.cz\/peakdesign\/produkt\/sada-4-kotvicek-anchor\/"]}]},{"@type":"ImageObject","inLanguage":"cs","@id":"https:\/\/www.onefive.cz\/peakdesign\/produkt\/sada-4-kotvicek-anchor\/#primaryimage","url":"https:\/\/www.onefive.cz\/peakdesign\/wp-content\/uploads\/2014\/11\/4pk-hero.jpg","contentUrl":"https:\/\/www.onefive.cz\/peakdesign\/wp-content\/uploads\/2014\/11\/4pk-hero.jpg","width":1024,"height":1024},{"@type":"BreadcrumbList","@id":"https:\/\/www.onefive.cz\/peakdesign\/produkt\/sada-4-kotvicek-anchor\/#breadcrumb","itemListElement":[{"@type":"ListItem","position":1,"name":"Dom\u016f","item":"https:\/\/www.onefive.cz\/peakdesign\/"},{"@type":"ListItem","position":2,"name":"Shop","item":"https:\/\/www.onefive.cz\/peakdesign\/shop\/"},{"@type":"ListItem","position":3,"name":"Sada 4 kotvi\u010dek Anchor"}]},{"@type":"WebSite","@id":"https:\/\/www.onefive.cz\/peakdesign\/#website","url":"https:\/\/www.onefive.cz\/peakdesign\/","name":"OneFive.cz - Prodejce Peak Design","description":"Kryty a dr\u017e\u00e1ky pro telefony, cestovn\u00ed a everyday batohy a ta\u0161ky, organiz\u00e9ry a fotop\u0159\u00edslu\u0161enstv\u00ed. Ultim\u00e1tn\u00ed v\u00fdbava pro ty, kte\u0159\u00ed vy\u017eaduj\u00ed to nejlep\u0161\u00ed.","potentialAction":[{"@type":"SearchAction","target":{"@type":"EntryPoint","urlTemplate":"https:\/\/www.onefive.cz\/peakdesign\/?s={search_term_string}"},"query-input":{"@type":"PropertyValueSpecification","valueRequired":true,"valueName":"search_term_string"}}],"inLanguage":"cs"}]}},"_links":{"self":[{"href":"https:\/\/www.onefive.cz\/peakdesign\/wp-json\/wp\/v2\/product\/2511","targetHints":{"allow":["GET"]}}],"collection":[{"href":"https:\/\/www.onefive.cz\/peakdesign\/wp-json\/wp\/v2\/product"}],"about":[{"href":"https:\/\/www.onefive.cz\/peakdesign\/wp-json\/wp\/v2\/types\/product"}],"wp:featuredmedia":[{"embeddable":true,"href":"https:\/\/www.onefive.cz\/peakdesign\/wp-json\/wp\/v2\/media\/132552"}],"wp:attachment":[{"href":"https:\/\/www.onefive.cz\/peakdesign\/wp-json\/wp\/v2\/media?parent=2511"}],"wp:term":[{"taxonomy":"product_brand","embeddable":true,"href":"https:\/\/www.onefive.cz\/peakdesign\/wp-json\/wp\/v2\/product_brand?post=2511"},{"taxonomy":"product_cat","embeddable":true,"href":"https:\/\/www.onefive.cz\/peakdesign\/wp-json\/wp\/v2\/product_cat?post=2511"},{"taxonomy":"product_tag","embeddable":true,"href":"https:\/\/www.onefive.cz\/peakdesign\/wp-json\/wp\/v2\/product_tag?post=2511"}],"curies":[{"name":"wp","href":"https:\/\/api.w.org\/{rel}","templated":true}]}}